{"id":1578,"date":"2026-08-29T10:34:53","date_gmt":"2026-08-29T08:34:53","guid":{"rendered":"https:\/\/www.amapbrax31.org\/?page_id=1578"},"modified":"2026-08-29T15:15:57","modified_gmt":"2026-08-29T13:15:57","slug":"soiree-cinecyclo-2026","status":"publish","type":"page","link":"https:\/\/www.amapbrax31.org\/?page_id=1578","title":{"rendered":"Soir\u00e9e Cin\u00e9cyclo 2026"},"content":{"rendered":"\n<div class=\"wp-block-columns alignfull are-vertically-aligned-center has-background is-layout-flex wp-container-core-columns-is-layout-28f84493 wp-block-columns-is-layout-flex\" style=\"background-color:#f4f1de\">\n<div class=\"wp-block-column is-vertically-aligned-center is-layout-flow wp-block-column-is-layout-flow\" style=\"flex-basis:66.66%\">\n<h2 class=\"wp-block-heading has-text-align-right has-x-large-font-size\"><strong>SOIR\u00c9E CIN\u00c9CYCLO &#8211; \u00e9dition 2026<\/strong><\/h2>\n<\/div>\n\n\n\n<div class=\"wp-block-column is-vertically-aligned-center is-layout-flow wp-block-column-is-layout-flow\" style=\"flex-basis:33.33%\">\n<figure class=\"wp-block-image alignleft size-full\"><img loading=\"lazy\" decoding=\"async\" width=\"64\" height=\"64\" src=\"https:\/\/www.amapbrax31.org\/wp-content\/uploads\/2026\/08\/clapet-ouvert.png\" alt=\"\" class=\"wp-image-1579\"\/><\/figure>\n<\/div>\n<\/div>\n\n\n\n<p><\/p>\n\n\n\n<p class=\"has-text-align-center has-text-color has-link-color has-x-large-font-size wp-elements-b21d05edf5f6027307782d00832703e5\" style=\"color:#52b788\"><strong>VENDREDI 25 SEPTEMBRE 2026<\/strong><\/p>\n\n\n\n<p class=\"has-text-align-center has-text-color has-link-color wp-elements-63503d756523ad793b3555010e9ae512\" style=\"color:#52b788;font-size:30px\"><strong>La traditionnelle soir\u00e9e cin\u00e9cyclo revient en 2026, retrouvez ici toutes les informations sur l&rsquo;\u00e9v\u00e8nement de l&rsquo;ann\u00e9e \u00e0 l&rsquo;AMAP de Brax !<\/strong><\/p>\n\n\n\n<p class=\"has-text-align-center has-ast-global-color-2-color has-text-color has-link-color has-medium-font-size wp-elements-1ca1fe2b8b00c89f593af21a32b9a292\"><em>Si vous avez des questions, n&rsquo;h\u00e9sitez pas \u00e0 nous contacter sur l&rsquo;adresse mail <strong>lesgourmetsdebrax@gmail.com<\/strong><\/em><\/p>\n\n\n\n<div class=\"wp-block-columns alignwide is-layout-flex wp-container-core-columns-is-layout-28f84493 wp-block-columns-is-layout-flex\">\n<div class=\"wp-block-column has-background is-layout-flow wp-block-column-is-layout-flow\" style=\"border-style:none;border-width:0px;border-top-left-radius:30px;border-top-right-radius:30px;border-bottom-left-radius:30px;border-bottom-right-radius:30px;background-color:#f4f1de\">\n<p class=\"has-text-align-center has-text-color has-link-color wp-elements-2cf1a7334db3605712fdbed599c40b59\" style=\"color:#52b788;font-size:30px\"><strong>INSCRIPTION AU REPAS<\/strong><\/p>\n\n\n\n<p class=\"has-text-align-center has-text-color has-link-color wp-elements-f78ff144b71b8efab539d776180ef1da\" style=\"color:#52b788;font-size:30px\"><strong>\u00e0 partir de 19H<\/strong><\/p>\n\n\n\n<p class=\"has-text-align-center has-medium-font-size\">La r\u00e9servation du repas est <strong>obligatoire<\/strong>, \u00e0 minima 1 semaine en avance pour pr\u00e9voir nos commandes aupr\u00e8s de nos paysans, car tous les produits proviennent des paysans de notre AMAP (locaux et bio).<\/p>\n\n\n\n<p class=\"has-text-align-center has-medium-font-size\">Nombre de places limit\u00e9es, donc r\u00e9servez vite !<\/p>\n\n\n\n<p class=\"has-text-align-center has-text-color has-link-color has-large-font-size wp-elements-aad5a3f3ac4183a6d78640757c92e876\" style=\"color:#386641\">&gt;&gt;&gt;  <strong><a href=\"https:\/\/docs.google.com\/forms\/d\/e\/1FAIpQLSeRyMUvCdE3bOhyzKcsrd_Al6S1WFRot2VWjw5lw0mcjs1WTA\/viewform?usp=header\" target=\"_blank\" rel=\"noreferrer noopener\">INSCRIPTION<\/a><\/strong>  &lt;&lt;&lt;&lt;<\/p>\n\n\n\n<p class=\"has-text-align-center has-medium-font-size\"><em>ou avec ce QR CODE <\/em>:<\/p>\n\n\n\n<figure class=\"wp-block-image aligncenter size-full is-resized\"><img loading=\"lazy\" decoding=\"async\" width=\"512\" height=\"512\" src=\"https:\/\/www.amapbrax31.org\/wp-content\/uploads\/2026\/08\/WhatsApp-Image-2026-08-29-at-08.46.58.jpeg\" alt=\"\" class=\"wp-image-1584\" style=\"width:354px;height:auto\" srcset=\"https:\/\/www.amapbrax31.org\/wp-content\/uploads\/2026\/08\/WhatsApp-Image-2026-08-29-at-08.46.58.jpeg 512w, https:\/\/www.amapbrax31.org\/wp-content\/uploads\/2026\/08\/WhatsApp-Image-2026-08-29-at-08.46.58-300x300.jpeg 300w, https:\/\/www.amapbrax31.org\/wp-content\/uploads\/2026\/08\/WhatsApp-Image-2026-08-29-at-08.46.58-150x150.jpeg 150w\" sizes=\"auto, (max-width: 512px) 100vw, 512px\" \/><\/figure>\n\n\n\n<p><\/p>\n\n\n\n<p class=\"has-text-align-center\">MENU :<\/p>\n\n\n\n<p class=\"has-text-align-center\"><strong>&#8211;&nbsp;<u>Repas Burger<\/u>&nbsp;:<\/strong>&nbsp;Burger viande de b\u0153uf + une demi patate + salade verte (12\u20ac)<\/p>\n\n\n\n<p class=\"has-text-align-center\"><strong>&#8211; <u>Repas V\u00e9g\u00e9tarien<\/u> :<\/strong> Salade de l\u00e9gumes secs + Salade de p\u00e2tes + 2 chaussons aux l\u00e9gumes + pain (10\u20ac)<\/p>\n\n\n\n<p><\/p>\n\n\n\n<p class=\"has-text-align-center\">Pour les gourmands :<\/p>\n\n\n\n<p class=\"has-text-align-center\">&#8211; Suppl\u00e9ment Salade l\u00e9gumes secs ou de p\u00e2tes (+ 2\u20ac)<\/p>\n\n\n\n<p class=\"has-text-align-center\">&#8211; Suppl\u00e9ment Patates (+ 2\u20ac)<\/p>\n\n\n\n<p class=\"has-text-align-center\">&#8211; Suppl\u00e9ment Melon (+ 2\u20ac)<\/p>\n\n\n\n<p class=\"has-text-align-center\">&#8211; Suppl\u00e9ment Sorbet (+ 2\u20ac)<\/p>\n\n\n\n<p class=\"has-text-align-center\">&#8211; Suppl\u00e9ment Fruits (+ 2\u20ac)<\/p>\n\n\n\n<p><\/p>\n\n\n\n<p class=\"has-text-align-center\">Les plats adultes et enfants sont identiques.<\/p>\n\n\n\n<p class=\"has-text-align-center\"><strong>Apportez vos assiettes\/couverts\/verres\/gourdes ou bouteilles d&rsquo;eau<\/strong><\/p>\n\n\n\n<p><\/p>\n<\/div>\n\n\n\n<div class=\"wp-block-column has-background is-layout-flow wp-block-column-is-layout-flow\" style=\"border-top-left-radius:30px;border-top-right-radius:30px;border-bottom-left-radius:30px;border-bottom-right-radius:30px;background-color:#f4f1de\">\n<p class=\"has-text-align-center has-text-color has-link-color wp-elements-e90d787d7c2c3c04e7d5d7228b16a999\" style=\"color:#52b788;font-size:30px\"><strong>PROGRAMME DE LA SOIR\u00c9E<\/strong><\/p>\n\n\n\n<p class=\"has-text-align-center has-text-color has-link-color has-medium-font-size wp-elements-f4fc17ad9be59960fbe13ff66062a17a\" style=\"color:#52b788\"><strong><em>Libre et Gratuite<\/em><\/strong><\/p>\n\n\n\n<p class=\"has-text-align-center has-text-color has-link-color wp-elements-7121410e4a48343ba1a3b31a7a9179c5\" style=\"color:#52b788;font-size:30px\"><strong>PROJECTION \u00e0 21H<\/strong><\/p>\n\n\n\n<p class=\"has-text-align-center\" style=\"font-size:30px\"><strong>TH\u00c9MATIQUE 2026 : VOYAGE A V\u00c9LO<\/strong><\/p>\n\n\n\n<ul class=\"wp-block-list\">\n<li class=\"has-medium-font-size\">Une premi\u00e8re partie consacr\u00e9e au voyage \u00e0 v\u00e9lo d&rsquo;une famille d&rsquo;Amapiens de Brax, partis pendant 6 mois en 2026.<\/li>\n\n\n\n<li class=\"has-medium-font-size\">Projection des courts-m\u00e9trages (programmation \u00e0 venir). Mais ce qui ne change pas, c&rsquo;est que pour pouvoir les visionner il vous faudra p\u00e9daler !<\/li>\n<\/ul>\n\n\n\n<p><\/p>\n\n\n\n<hr class=\"wp-block-separator has-alpha-channel-opacity\"\/>\n\n\n\n<p><\/p>\n\n\n\n<p class=\"has-text-align-center has-medium-font-size\"><em>Musique pendant le repas<\/em> : <em>Petite nouveaut\u00e9 cette ann\u00e9e, il vous faudra \u00e9galement p\u00e9daler pour la programmation musicale<\/em> \ud83d\ude09<\/p>\n\n\n\n<p class=\"has-text-align-center has-medium-font-size\"><\/p>\n\n\n\n<figure class=\"wp-block-image aligncenter size-large is-resized has-custom-border\"><img loading=\"lazy\" decoding=\"async\" width=\"768\" height=\"1024\" src=\"https:\/\/www.amapbrax31.org\/wp-content\/uploads\/2026\/04\/WhatsApp-Image-2026-03-29-at-15.07.55-768x1024.jpeg\" alt=\"\" class=\"wp-image-1217\" style=\"border-top-left-radius:20px;border-top-right-radius:20px;border-bottom-left-radius:20px;border-bottom-right-radius:20px;width:501px;height:auto\" srcset=\"https:\/\/www.amapbrax31.org\/wp-content\/uploads\/2026\/04\/WhatsApp-Image-2026-03-29-at-15.07.55-768x1024.jpeg 768w, https:\/\/www.amapbrax31.org\/wp-content\/uploads\/2026\/04\/WhatsApp-Image-2026-03-29-at-15.07.55-225x300.jpeg 225w, https:\/\/www.amapbrax31.org\/wp-content\/uploads\/2026\/04\/WhatsApp-Image-2026-03-29-at-15.07.55-1152x1536.jpeg 1152w, https:\/\/www.amapbrax31.org\/wp-content\/uploads\/2026\/04\/WhatsApp-Image-2026-03-29-at-15.07.55.jpeg 1512w\" sizes=\"auto, (max-width: 768px) 100vw, 768px\" \/><\/figure>\n<\/div>\n<\/div>\n\n\n\n<p class=\"has-text-align-center has-text-color has-link-color wp-elements-a0a8d71a3614d8ba2ec46b761955e5d0\" style=\"color:#52b788;font-size:30px\"><strong>BUVETTE SUR PLACE<\/strong><\/p>\n\n\n\n<p class=\"has-text-align-center has-medium-font-size\">Bi\u00e8re la Brax\u00e9enne &#8211; Vin Domaine de Rotier &#8211; Jus de Fruits de Vincent Potier &#8211; Sirops d&rsquo;Isabelle Wintersdorff &#8211; Tisanes de Sol\u00e8ne Le Hinchet<\/p>\n\n\n\n<figure class=\"wp-block-image aligncenter size-full is-resized\"><img loading=\"lazy\" decoding=\"async\" width=\"800\" height=\"800\" src=\"https:\/\/www.amapbrax31.org\/wp-content\/uploads\/2026\/08\/8aef80b52f466d7aa92c271e4e681ff0f28c256b.png\" alt=\"\" class=\"wp-image-1590\" style=\"width:166px;height:auto\" srcset=\"https:\/\/www.amapbrax31.org\/wp-content\/uploads\/2026\/08\/8aef80b52f466d7aa92c271e4e681ff0f28c256b.png 800w, https:\/\/www.amapbrax31.org\/wp-content\/uploads\/2026\/08\/8aef80b52f466d7aa92c271e4e681ff0f28c256b-300x300.png 300w, https:\/\/www.amapbrax31.org\/wp-content\/uploads\/2026\/08\/8aef80b52f466d7aa92c271e4e681ff0f28c256b-150x150.png 150w, https:\/\/www.amapbrax31.org\/wp-content\/uploads\/2026\/08\/8aef80b52f466d7aa92c271e4e681ff0f28c256b-768x768.png 768w\" sizes=\"auto, (max-width: 800px) 100vw, 800px\" \/><\/figure>\n\n\n\n<p><\/p>\n","protected":false},"excerpt":{"rendered":"<p>SOIR\u00c9E CIN\u00c9CYCLO &#8211; \u00e9dition 2026 VENDREDI 25 SEPTEMBRE 2026 La traditionnelle soir\u00e9e cin\u00e9cyclo revient en 2026, retrouvez ici toutes les [&hellip;]<\/p>\n","protected":false},"author":2,"featured_media":0,"parent":0,"menu_order":0,"comment_status":"closed","ping_status":"closed","template":"","meta":{"site-sidebar-layout":"default","site-content-layout":"","ast-site-content-layout":"default","site-content-style":"default","site-sidebar-style":"default","ast-global-header-display":"","ast-banner-title-visibility":"","ast-main-header-display":"","ast-hfb-above-header-display":"","ast-hfb-below-header-display":"","ast-hfb-mobile-header-display":"","site-post-title":"disabled","ast-breadcrumbs-content":"","ast-featured-img":"","footer-sml-layout":"","ast-disable-related-posts":"","theme-transparent-header-meta":"","adv-header-id-meta":"","stick-header-meta":"","header-above-stick-meta":"","header-main-stick-meta":"","header-below-stick-meta":"","astra-migrate-meta-layouts":"default","ast-page-background-enabled":"default","ast-page-background-meta":{"desktop":{"background-color":"var(--ast-global-color-5)","background-image":"","background-repeat":"repeat","background-position":"center center","background-size":"auto","background-attachment":"scroll","background-type":"","background-media":"","overlay-type":"","overlay-color":"","overlay-opacity":"","overlay-gradient":""},"tablet":{"background-color":"","background-image":"","background-repeat":"repeat","background-position":"center center","background-size":"auto","background-attachment":"scroll","background-type":"","background-media":"","overlay-type":"","overlay-color":"","overlay-opacity":"","overlay-gradient":""},"mobile":{"background-color":"","background-image":"","background-repeat":"repeat","background-position":"center center","background-size":"auto","background-attachment":"scroll","background-type":"","background-media":"","overlay-type":"","overlay-color":"","overlay-opacity":"","overlay-gradient":""}},"ast-content-background-meta":{"desktop":{"background-color":"var(--ast-global-color-4)","background-image":"","background-repeat":"repeat","background-position":"center center","background-size":"auto","background-attachment":"scroll","background-type":"","background-media":"","overlay-type":"","overlay-color":"","overlay-opacity":"","overlay-gradient":""},"tablet":{"background-color":"var(--ast-global-color-4)","background-image":"","background-repeat":"repeat","background-position":"center center","background-size":"auto","background-attachment":"scroll","background-type":"","background-media":"","overlay-type":"","overlay-color":"","overlay-opacity":"","overlay-gradient":""},"mobile":{"background-color":"var(--ast-global-color-4)","background-image":"","background-repeat":"repeat","background-position":"center center","background-size":"auto","background-attachment":"scroll","background-type":"","background-media":"","overlay-type":"","overlay-color":"","overlay-opacity":"","overlay-gradient":""}},"footnotes":""},"class_list":["post-1578","page","type-page","status-publish","hentry"],"_links":{"self":[{"href":"https:\/\/www.amapbrax31.org\/index.php?rest_route=\/wp\/v2\/pages\/1578","targetHints":{"allow":["GET"]}}],"collection":[{"href":"https:\/\/www.amapbrax31.org\/index.php?rest_route=\/wp\/v2\/pages"}],"about":[{"href":"https:\/\/www.amapbrax31.org\/index.php?rest_route=\/wp\/v2\/types\/page"}],"author":[{"embeddable":true,"href":"https:\/\/www.amapbrax31.org\/index.php?rest_route=\/wp\/v2\/users\/2"}],"replies":[{"embeddable":true,"href":"https:\/\/www.amapbrax31.org\/index.php?rest_route=%2Fwp%2Fv2%2Fcomments&post=1578"}],"version-history":[{"count":13,"href":"https:\/\/www.amapbrax31.org\/index.php?rest_route=\/wp\/v2\/pages\/1578\/revisions"}],"predecessor-version":[{"id":1597,"href":"https:\/\/www.amapbrax31.org\/index.php?rest_route=\/wp\/v2\/pages\/1578\/revisions\/1597"}],"wp:attachment":[{"href":"https:\/\/www.amapbrax31.org\/index.php?rest_route=%2Fwp%2Fv2%2Fmedia&parent=1578"}],"curies":[{"name":"wp","href":"https:\/\/api.w.org\/{rel}","templated":true}]}}

Soirée Cinécyclo 2026

<div class="wp-block-columns alignfull are-vertically-aligned-center has-background is-layout-flex wp-container-core-columns-is-layout-28f84493 wp-block-columns-is-layout-flex" style="background-color:#f4f1de">
<div class="wp-block-column is-vertically-aligned-center is-layout-flow wp-block-column-is-layout-flow" style="flex-basis:66.66%">
<h2 class="wp-block-heading has-text-align-right has-x-large-font-size"><strong>SOIRÉE CINÉCYCLO &#8211; édition 2026</strong></h2>
</div>



<div class="wp-block-column is-vertically-aligned-center is-layout-flow wp-block-column-is-layout-flow" style="flex-basis:33.33%">
<figure class="wp-block-image alignleft size-full"><img loading="lazy" decoding="async" width="64" height="64" src="https://www.amapbrax31.org/wp-content/uploads/2026/08/clapet-ouvert.png" alt="" class="wp-image-1579"/></figure>
</div>
</div>



<p></p>



<p class="has-text-align-center has-text-color has-link-color has-x-large-font-size wp-elements-b21d05edf5f6027307782d00832703e5" style="color:#52b788"><strong>VENDREDI 25 SEPTEMBRE 2026</strong></p>



<p class="has-text-align-center has-text-color has-link-color wp-elements-63503d756523ad793b3555010e9ae512" style="color:#52b788;font-size:30px"><strong>La traditionnelle soirée cinécyclo revient en 2026, retrouvez ici toutes les informations sur l&rsquo;évènement de l&rsquo;année à l&rsquo;AMAP de Brax !</strong></p>



<p class="has-text-align-center has-ast-global-color-2-color has-text-color has-link-color has-medium-font-size wp-elements-1ca1fe2b8b00c89f593af21a32b9a292"><em>Si vous avez des questions, n&rsquo;hésitez pas à nous contacter sur l&rsquo;adresse mail <strong>lesgourmetsdebrax@gmail.com</strong></em></p>



<div class="wp-block-columns alignwide is-layout-flex wp-container-core-columns-is-layout-28f84493 wp-block-columns-is-layout-flex">
<div class="wp-block-column has-background is-layout-flow wp-block-column-is-layout-flow" style="border-style:none;border-width:0px;border-top-left-radius:30px;border-top-right-radius:30px;border-bottom-left-radius:30px;border-bottom-right-radius:30px;background-color:#f4f1de">
<p class="has-text-align-center has-text-color has-link-color wp-elements-2cf1a7334db3605712fdbed599c40b59" style="color:#52b788;font-size:30px"><strong>INSCRIPTION AU REPAS</strong></p>



<p class="has-text-align-center has-text-color has-link-color wp-elements-f78ff144b71b8efab539d776180ef1da" style="color:#52b788;font-size:30px"><strong>à partir de 19H</strong></p>



<p class="has-text-align-center has-medium-font-size">La réservation du repas est <strong>obligatoire</strong>, à minima 1 semaine en avance pour prévoir nos commandes auprès de nos paysans, car tous les produits proviennent des paysans de notre AMAP (locaux et bio).</p>



<p class="has-text-align-center has-medium-font-size">Nombre de places limitées, donc réservez vite !</p>



<p class="has-text-align-center has-text-color has-link-color has-large-font-size wp-elements-aad5a3f3ac4183a6d78640757c92e876" style="color:#386641">&gt;&gt;&gt;  <strong><a href="https://docs.google.com/forms/d/e/1FAIpQLSeRyMUvCdE3bOhyzKcsrd_Al6S1WFRot2VWjw5lw0mcjs1WTA/viewform?usp=header" target="_blank" rel="noreferrer noopener">INSCRIPTION</a></strong>  &lt;&lt;&lt;&lt;</p>



<p class="has-text-align-center has-medium-font-size"><em>ou avec ce QR CODE </em>:</p>



<figure class="wp-block-image aligncenter size-full is-resized"><img loading="lazy" decoding="async" width="512" height="512" src="https://www.amapbrax31.org/wp-content/uploads/2026/08/WhatsApp-Image-2026-08-29-at-08.46.58.jpeg" alt="" class="wp-image-1584" style="width:354px;height:auto" srcset="https://www.amapbrax31.org/wp-content/uploads/2026/08/WhatsApp-Image-2026-08-29-at-08.46.58.jpeg 512w, https://www.amapbrax31.org/wp-content/uploads/2026/08/WhatsApp-Image-2026-08-29-at-08.46.58-300x300.jpeg 300w, https://www.amapbrax31.org/wp-content/uploads/2026/08/WhatsApp-Image-2026-08-29-at-08.46.58-150x150.jpeg 150w" sizes="auto, (max-width: 512px) 100vw, 512px" /></figure>



<p></p>



<p class="has-text-align-center">MENU :</p>



<p class="has-text-align-center"><strong>&#8211;&nbsp;<u>Repas Burger</u>&nbsp;:</strong>&nbsp;Burger viande de bœuf + une demi patate + salade verte (12€)</p>



<p class="has-text-align-center"><strong>&#8211; <u>Repas Végétarien</u> :</strong> Salade de légumes secs + Salade de pâtes + 2 chaussons aux légumes + pain (10€)</p>



<p></p>



<p class="has-text-align-center">Pour les gourmands :</p>



<p class="has-text-align-center">&#8211; Supplément Salade légumes secs ou de pâtes (+ 2€)</p>



<p class="has-text-align-center">&#8211; Supplément Patates (+ 2€)</p>



<p class="has-text-align-center">&#8211; Supplément Melon (+ 2€)</p>



<p class="has-text-align-center">&#8211; Supplément Sorbet (+ 2€)</p>



<p class="has-text-align-center">&#8211; Supplément Fruits (+ 2€)</p>



<p></p>



<p class="has-text-align-center">Les plats adultes et enfants sont identiques.</p>



<p class="has-text-align-center"><strong>Apportez vos assiettes/couverts/verres/gourdes ou bouteilles d&rsquo;eau</strong></p>



<p></p>
</div>



<div class="wp-block-column has-background is-layout-flow wp-block-column-is-layout-flow" style="border-top-left-radius:30px;border-top-right-radius:30px;border-bottom-left-radius:30px;border-bottom-right-radius:30px;background-color:#f4f1de">
<p class="has-text-align-center has-text-color has-link-color wp-elements-e90d787d7c2c3c04e7d5d7228b16a999" style="color:#52b788;font-size:30px"><strong>PROGRAMME DE LA SOIRÉE</strong></p>



<p class="has-text-align-center has-text-color has-link-color has-medium-font-size wp-elements-f4fc17ad9be59960fbe13ff66062a17a" style="color:#52b788"><strong><em>Libre et Gratuite</em></strong></p>



<p class="has-text-align-center has-text-color has-link-color wp-elements-7121410e4a48343ba1a3b31a7a9179c5" style="color:#52b788;font-size:30px"><strong>PROJECTION à 21H</strong></p>



<p class="has-text-align-center" style="font-size:30px"><strong>THÉMATIQUE 2026 : VOYAGE A VÉLO</strong></p>



<ul class="wp-block-list">
<li class="has-medium-font-size">Une première partie consacrée au voyage à vélo d&rsquo;une famille d&rsquo;Amapiens de Brax, partis pendant 6 mois en 2026.</li>



<li class="has-medium-font-size">Projection des courts-métrages (programmation à venir). Mais ce qui ne change pas, c&rsquo;est que pour pouvoir les visionner il vous faudra pédaler !</li>
</ul>



<p></p>



<hr class="wp-block-separator has-alpha-channel-opacity"/>



<p></p>



<p class="has-text-align-center has-medium-font-size"><em>Musique pendant le repas</em> : <em>Petite nouveauté cette année, il vous faudra également pédaler pour la programmation musicale</em> 😉</p>



<p class="has-text-align-center has-medium-font-size"></p>



<figure class="wp-block-image aligncenter size-large is-resized has-custom-border"><img loading="lazy" decoding="async" width="768" height="1024" src="https://www.amapbrax31.org/wp-content/uploads/2026/04/WhatsApp-Image-2026-03-29-at-15.07.55-768x1024.jpeg" alt="" class="wp-image-1217" style="border-top-left-radius:20px;border-top-right-radius:20px;border-bottom-left-radius:20px;border-bottom-right-radius:20px;width:501px;height:auto" srcset="https://www.amapbrax31.org/wp-content/uploads/2026/04/WhatsApp-Image-2026-03-29-at-15.07.55-768x1024.jpeg 768w, https://www.amapbrax31.org/wp-content/uploads/2026/04/WhatsApp-Image-2026-03-29-at-15.07.55-225x300.jpeg 225w, https://www.amapbrax31.org/wp-content/uploads/2026/04/WhatsApp-Image-2026-03-29-at-15.07.55-1152x1536.jpeg 1152w, https://www.amapbrax31.org/wp-content/uploads/2026/04/WhatsApp-Image-2026-03-29-at-15.07.55.jpeg 1512w" sizes="auto, (max-width: 768px) 100vw, 768px" /></figure>
</div>
</div>



<p class="has-text-align-center has-text-color has-link-color wp-elements-a0a8d71a3614d8ba2ec46b761955e5d0" style="color:#52b788;font-size:30px"><strong>BUVETTE SUR PLACE</strong></p>



<p class="has-text-align-center has-medium-font-size">Bière la Braxéenne &#8211; Vin Domaine de Rotier &#8211; Jus de Fruits de Vincent Potier &#8211; Sirops d&rsquo;Isabelle Wintersdorff &#8211; Tisanes de Solène Le Hinchet</p>



<figure class="wp-block-image aligncenter size-full is-resized"><img loading="lazy" decoding="async" width="800" height="800" src="https://www.amapbrax31.org/wp-content/uploads/2026/08/8aef80b52f466d7aa92c271e4e681ff0f28c256b.png" alt="" class="wp-image-1590" style="width:166px;height:auto" srcset="https://www.amapbrax31.org/wp-content/uploads/2026/08/8aef80b52f466d7aa92c271e4e681ff0f28c256b.png 800w, https://www.amapbrax31.org/wp-content/uploads/2026/08/8aef80b52f466d7aa92c271e4e681ff0f28c256b-300x300.png 300w, https://www.amapbrax31.org/wp-content/uploads/2026/08/8aef80b52f466d7aa92c271e4e681ff0f28c256b-150x150.png 150w, https://www.amapbrax31.org/wp-content/uploads/2026/08/8aef80b52f466d7aa92c271e4e681ff0f28c256b-768x768.png 768w" sizes="auto, (max-width: 800px) 100vw, 800px" /></figure>



<p></p>

<p>SOIRÉE CINÉCYCLO &#8211; édition 2026 VENDREDI 25 SEPTEMBRE 2026 La traditionnelle soirée cinécyclo revient en 2026, retrouvez ici toutes les [&hellip;]</p>
