{"id":233,"date":"2026-03-15T12:40:26","date_gmt":"2026-03-15T11:40:26","guid":{"rendered":"https:\/\/www.amapbrax31.org\/?page_id=233"},"modified":"2026-04-01T00:07:24","modified_gmt":"2026-03-31T22:07:24","slug":"le-contrat-cochon","status":"publish","type":"page","link":"https:\/\/www.amapbrax31.org\/?page_id=233","title":{"rendered":"Le contrat Cochon"},"content":{"rendered":"\n<div class=\"wp-block-columns alignfull are-vertically-aligned-center has-background is-layout-flex wp-container-core-columns-is-layout-28f84493 wp-block-columns-is-layout-flex\" style=\"background-color:#f4f1de\">\n<div class=\"wp-block-column is-vertically-aligned-center is-layout-flow wp-block-column-is-layout-flow\" style=\"flex-basis:25%\">\n<figure class=\"wp-block-image aligncenter size-full has-custom-border\"><img loading=\"lazy\" decoding=\"async\" width=\"600\" height=\"399\" src=\"https:\/\/www.amapbrax31.org\/wp-content\/uploads\/2026\/03\/DSCF3130-redimensionne-taille-moyenne.jpeg\" alt=\"\" class=\"wp-image-261\" style=\"border-top-left-radius:20px;border-top-right-radius:20px;border-bottom-left-radius:20px;border-bottom-right-radius:20px\" srcset=\"https:\/\/www.amapbrax31.org\/wp-content\/uploads\/2026\/03\/DSCF3130-redimensionne-taille-moyenne.jpeg 600w, https:\/\/www.amapbrax31.org\/wp-content\/uploads\/2026\/03\/DSCF3130-redimensionne-taille-moyenne-300x200.jpeg 300w\" sizes=\"auto, (max-width: 600px) 100vw, 600px\" \/><\/figure>\n<\/div>\n\n\n\n<div class=\"wp-block-column is-vertically-aligned-center is-layout-flow wp-block-column-is-layout-flow\" style=\"flex-basis:50%\">\n<h2 class=\"wp-block-heading has-text-align-center has-text-color has-link-color has-x-large-font-size wp-elements-4dfc91b56b0a9e9f4b27db3f2eaa854d\" style=\"color:#386641\"><strong>LE CONTRAT COCHON<\/strong><\/h2>\n<\/div>\n\n\n\n<div class=\"wp-block-column is-vertically-aligned-center has-background is-layout-flow wp-block-column-is-layout-flow\" style=\"border-top-left-radius:20px;border-top-right-radius:20px;border-bottom-left-radius:20px;border-bottom-right-radius:20px;background-color:#e9c46a;flex-basis:25%\">\n<p><\/p>\n\n\n\n<p class=\"has-text-align-center has-text-color has-link-color wp-elements-7634a6f81b049c8c76398d91209c9725\" style=\"color:#333333;font-size:17px\">Vous souhaitez vous inscrire \u00e0 l\u2019AMAP Cochon ?<\/p>\n\n\n\n<p class=\"has-text-align-center has-text-color has-link-color wp-elements-288f117691ea0aca74870e7d77ef5218\" style=\"color:#333333;font-size:30px\">Contactez le r\u00e9f\u00e9rent<\/p>\n\n\n\n<p class=\"has-text-align-center has-text-color has-link-color has-large-font-size wp-elements-b13017a8e403695ca2cec75888b9ae26\" style=\"color:#386641;line-height:0\"><strong>Alain Ducos<\/strong><\/p>\n\n\n\n<p class=\"has-text-align-center has-text-color has-link-color has-medium-font-size wp-elements-8c2226b375f75d1c4327130cd3876e1c\" style=\"color:#386641;line-height:1.5\"><strong><a href=\"mailto:lesgourmetsdebrax@gmail.com\">lesgourmetsdebrax@gmail.com<\/a><\/strong><\/p>\n\n\n\n<p><\/p>\n<\/div>\n<\/div>\n\n\n\n<p><\/p>\n\n\n\n<p class=\"has-text-align-center has-text-color has-link-color wp-elements-fc5c4ff7aa82950f8096fdf4871a972f\" style=\"color:#52b788;font-size:30px\"><strong>FONCTIONNEMENT<\/strong><\/p>\n\n\n\n<figure class=\"wp-block-table has-medium-font-size\"><table class=\"has-text-color has-link-color has-border-color has-fixed-layout\" style=\"color:#333333;border-color:#386641;border-width:3px\"><tbody><tr><td>FR\u00c9QUENCE<\/td><td>7 distributions par an<br><br><strong>ATTENTION : Les distributions de l&rsquo;AMAP Cochon ont lieu uniquement les jeudis de 18h \u00e0 19h<\/strong><\/td><\/tr><tr><td>P\u00c9RIODE<\/td><td>de F\u00e9vrier \u00e0 D\u00e9cembre<\/td><\/tr><tr><td>CONDITIONS D\u2019INSCRIPTION<\/td><td>Pas de condition particuli\u00e8re : vous pouvez commander un ou plusieurs colis \u00e0 l&rsquo;ann\u00e9e<br><br><em>Possibilit\u00e9 de s&rsquo;inscrire en cours de saison<\/em><\/td><\/tr><\/tbody><\/table><\/figure>\n\n\n\n<p><\/p>\n\n\n\n<p class=\"has-text-align-center has-text-color has-link-color wp-elements-84f75ed18df28e798199242bbb7b0451\" style=\"color:#52b788;font-size:30px\"><strong>COLIS et TARIFS*<\/strong><\/p>\n\n\n\n<figure class=\"wp-block-table has-medium-font-size\"><table class=\"has-text-color has-link-color has-border-color has-fixed-layout\" style=\"color:#333333;border-color:#386641;border-width:3px\"><tbody><tr><td>Colis de viande &#8211; petit (3kg)<\/td><td class=\"has-text-align-center\" data-align=\"center\">52,50\u20ac<\/td><\/tr><tr><td>Colis de viande &#8211; grand (6 kg)<\/td><td class=\"has-text-align-center\" data-align=\"center\">97\u20ac<\/td><\/tr><tr><td>Colis de saucisse &#8211; petit<\/td><td class=\"has-text-align-center\" data-align=\"center\">53,50\u20ac<\/td><\/tr><tr><td>Colis de saucisse &#8211; grand<\/td><td class=\"has-text-align-center\" data-align=\"center\">98\u20ac<\/td><\/tr><tr><td>Colis charcuterie &#8211; petit<\/td><td class=\"has-text-align-center\" data-align=\"center\">25\u20ac<\/td><\/tr><tr><td>Colis charcuterie &#8211; grand<\/td><td class=\"has-text-align-center\" data-align=\"center\">45\u20ac<\/td><\/tr><\/tbody><\/table><figcaption class=\"wp-element-caption\">* Tarifs applicables pour la saison 2026<\/figcaption><\/figure>\n\n\n\n<p><\/p>\n\n\n\n<p class=\"has-text-align-center has-text-color has-link-color wp-elements-2cae6e01617beec6b1c61bb18e5ce670\" style=\"color:#52b788;font-size:30px\"><strong>CONTRAT<\/strong><\/p>\n\n\n\n<div data-wp-interactive=\"core\/file\" class=\"wp-block-file\"><object data-wp-bind--hidden=\"!state.hasPdfPreview\" hidden class=\"wp-block-file__embed\" data=\"https:\/\/www.amapbrax31.org\/wp-content\/uploads\/2026\/03\/Engagement-vierge-COCHON-2026.pdf\" type=\"application\/pdf\" style=\"width:100%;height:600px\" aria-label=\"Contenu embarqu\u00e9 Engagement-vierge-COCHON 2026.\"><\/object><a id=\"wp-block-file--media-051b3f84-7f6b-499e-bb3b-01e8d4c53d90\" href=\"https:\/\/www.amapbrax31.org\/wp-content\/uploads\/2026\/03\/Engagement-vierge-COCHON-2026.pdf\">Engagement-vierge-COCHON 2026<\/a><a href=\"https:\/\/www.amapbrax31.org\/wp-content\/uploads\/2026\/03\/Engagement-vierge-COCHON-2026.pdf\" class=\"wp-block-file__button wp-element-button\" download aria-describedby=\"wp-block-file--media-051b3f84-7f6b-499e-bb3b-01e8d4c53d90\">T\u00e9l\u00e9charger<\/a><\/div>\n\n\n\n<p><\/p>\n\n\n\n<div class=\"wp-block-media-text is-stacked-on-mobile\" style=\"border-style:none;border-width:0px;border-top-left-radius:60px;border-top-right-radius:60px;border-bottom-left-radius:60px;border-bottom-right-radius:60px;grid-template-columns:29% auto\"><figure class=\"wp-block-media-text__media\"><img loading=\"lazy\" decoding=\"async\" width=\"600\" height=\"900\" src=\"https:\/\/www.amapbrax31.org\/wp-content\/uploads\/2026\/03\/DSCF3126-redimensionne-taille-moyenne.jpeg\" alt=\"\" class=\"wp-image-239 size-full\" srcset=\"https:\/\/www.amapbrax31.org\/wp-content\/uploads\/2026\/03\/DSCF3126-redimensionne-taille-moyenne.jpeg 600w, https:\/\/www.amapbrax31.org\/wp-content\/uploads\/2026\/03\/DSCF3126-redimensionne-taille-moyenne-200x300.jpeg 200w\" sizes=\"auto, (max-width: 600px) 100vw, 600px\" \/><\/figure><div class=\"wp-block-media-text__content\">\n<p class=\"has-text-align-center has-text-color has-link-color wp-elements-764aacc8eabdc4efc141e0b2b987a5c8\" style=\"color:#52b788;font-size:30px\"><strong>LE PRODUCTEUR<\/strong><\/p>\n\n\n\n<p class=\"has-text-align-left has-text-color has-link-color has-medium-font-size wp-elements-fe7eb692fedb5a74c34055e3155b73f6\" style=\"color:#333333\"><strong>La Ferme des Cochons Bio<\/strong><\/p>\n\n\n\n<p class=\"has-text-color has-link-color has-medium-font-size wp-elements-dd4fc6b2366808454cdd5dbe5792ce9a\" style=\"color:#333333\">Eddy et Marie-Line Georget \u00e9l\u00e8vent depuis 20 ans environ 80 porcs en agriculture biologique et en plein air.<\/p>\n\n\n\n<p class=\"has-text-color has-link-color has-medium-font-size wp-elements-e384bbb80a405147f289c69b2709bb0a\" style=\"color:#333333\">Ils disposent d\u2019un parc de maternit\u00e9 compos\u00e9 de 6 truies et d&rsquo;1 verrat, et de plusieurs parcs pour la croissance de leurs cochons regroup\u00e9s en fonction de l\u2019\u00e2ge des animaux. <\/p>\n\n\n\n<p class=\"has-text-color has-link-color has-medium-font-size wp-elements-04208f09275a0fe7acc526950ced79dc\" style=\"color:#333333\">Les races rustiques qu&rsquo;ils ont choisies sont issues du porc noir Gascon, Large White, Landrace et Duroc.<\/p>\n\n\n\n<p class=\"has-text-color has-link-color has-medium-font-size wp-elements-c6d7e44f1a2642bbe88d301f2d9017df\" style=\"color:#333333\">La totalit\u00e9 de leur production est transform\u00e9e \u00e0 la ferme.<\/p>\n<\/div><\/div>\n\n\n\n<p><\/p>\n\n\n\n<div class=\"wp-block-group has-background is-content-justification-center is-nowrap is-layout-flex wp-container-core-group-is-layout-35891901 wp-block-group-is-layout-flex\" style=\"border-top-left-radius:20px;border-top-right-radius:20px;border-bottom-left-radius:20px;border-bottom-right-radius:20px;background-color:#e9c46a\">\n<p class=\"has-text-color has-link-color wp-elements-5899969564c8aba2c2690b2386f3ad9a\" style=\"color:#386641;font-size:30px\">Pour en savoir plus sur la Ferme des Cochons Bio :<\/p>\n\n\n\n<figure class=\"wp-block-image size-full\"><a href=\"https:\/\/lahoueroporcbio.over-blog.com\/\" target=\"_blank\" rel=\" noreferrer noopener\"><img loading=\"lazy\" decoding=\"async\" width=\"64\" height=\"64\" src=\"https:\/\/www.amapbrax31.org\/wp-content\/uploads\/2026\/03\/globe.png\" alt=\"\" class=\"wp-image-377\"\/><\/a><\/figure>\n\n\n\n<figure class=\"wp-block-image size-full\"><a href=\"https:\/\/www.google.com\/maps\/place\/La+Ferme+des+Cochons+Bio\/@43.695255,1.1824801,17z\/data=!3m1!4b1!4m6!3m5!1s0x12a95371ca9dc419:0x352c18ab2c19b6bf!8m2!3d43.695255!4d1.1824801!16s%2Fg%2F1tj70rn1?entry=ttu&amp;g_ep=EgoyMDI2MDMxMS4wIKXMDSoASAFQAw%3D%3D\" target=\"_blank\" rel=\" noreferrer noopener\"><img loading=\"lazy\" decoding=\"async\" width=\"64\" height=\"64\" src=\"https:\/\/www.amapbrax31.org\/wp-content\/uploads\/2026\/03\/emplacement-de-la-couche-terrestre1.png\" alt=\"\" class=\"wp-image-379\"\/><\/a><\/figure>\n<\/div>\n\n\n\n<p><\/p>\n\n\n\n<p><\/p>\n\n\n\n<p><\/p>\n","protected":false},"excerpt":{"rendered":"<p>LE CONTRAT COCHON Vous souhaitez vous inscrire \u00e0 l\u2019AMAP Cochon ? Contactez le r\u00e9f\u00e9rent Alain Ducos lesgourmetsdebrax@gmail.com FONCTIONNEMENT FR\u00c9QUENCE 7 [&hellip;]<\/p>\n","protected":false},"author":2,"featured_media":0,"parent":0,"menu_order":0,"comment_status":"closed","ping_status":"closed","template":"","meta":{"site-sidebar-layout":"default","site-content-layout":"","ast-site-content-layout":"default","site-content-style":"default","site-sidebar-style":"default","ast-global-header-display":"","ast-banner-title-visibility":"","ast-main-header-display":"","ast-hfb-above-header-display":"","ast-hfb-below-header-display":"","ast-hfb-mobile-header-display":"","site-post-title":"disabled","ast-breadcrumbs-content":"","ast-featured-img":"","footer-sml-layout":"","ast-disable-related-posts":"","theme-transparent-header-meta":"","adv-header-id-meta":"","stick-header-meta":"","header-above-stick-meta":"","header-main-stick-meta":"","header-below-stick-meta":"","astra-migrate-meta-layouts":"default","ast-page-background-enabled":"default","ast-page-background-meta":{"desktop":{"background-color":"var(--ast-global-color-5)","background-image":"","background-repeat":"repeat","background-position":"center center","background-size":"auto","background-attachment":"scroll","background-type":"","background-media":"","overlay-type":"","overlay-color":"","overlay-opacity":"","overlay-gradient":""},"tablet":{"background-color":"","background-image":"","background-repeat":"repeat","background-position":"center center","background-size":"auto","background-attachment":"scroll","background-type":"","background-media":"","overlay-type":"","overlay-color":"","overlay-opacity":"","overlay-gradient":""},"mobile":{"background-color":"","background-image":"","background-repeat":"repeat","background-position":"center center","background-size":"auto","background-attachment":"scroll","background-type":"","background-media":"","overlay-type":"","overlay-color":"","overlay-opacity":"","overlay-gradient":""}},"ast-content-background-meta":{"desktop":{"background-color":"var(--ast-global-color-4)","background-image":"","background-repeat":"repeat","background-position":"center center","background-size":"auto","background-attachment":"scroll","background-type":"","background-media":"","overlay-type":"","overlay-color":"","overlay-opacity":"","overlay-gradient":""},"tablet":{"background-color":"var(--ast-global-color-4)","background-image":"","background-repeat":"repeat","background-position":"center center","background-size":"auto","background-attachment":"scroll","background-type":"","background-media":"","overlay-type":"","overlay-color":"","overlay-opacity":"","overlay-gradient":""},"mobile":{"background-color":"var(--ast-global-color-4)","background-image":"","background-repeat":"repeat","background-position":"center center","background-size":"auto","background-attachment":"scroll","background-type":"","background-media":"","overlay-type":"","overlay-color":"","overlay-opacity":"","overlay-gradient":""}},"footnotes":""},"class_list":["post-233","page","type-page","status-publish","hentry"],"_links":{"self":[{"href":"https:\/\/www.amapbrax31.org\/index.php?rest_route=\/wp\/v2\/pages\/233","targetHints":{"allow":["GET"]}}],"collection":[{"href":"https:\/\/www.amapbrax31.org\/index.php?rest_route=\/wp\/v2\/pages"}],"about":[{"href":"https:\/\/www.amapbrax31.org\/index.php?rest_route=\/wp\/v2\/types\/page"}],"author":[{"embeddable":true,"href":"https:\/\/www.amapbrax31.org\/index.php?rest_route=\/wp\/v2\/users\/2"}],"replies":[{"embeddable":true,"href":"https:\/\/www.amapbrax31.org\/index.php?rest_route=%2Fwp%2Fv2%2Fcomments&post=233"}],"version-history":[{"count":14,"href":"https:\/\/www.amapbrax31.org\/index.php?rest_route=\/wp\/v2\/pages\/233\/revisions"}],"predecessor-version":[{"id":1161,"href":"https:\/\/www.amapbrax31.org\/index.php?rest_route=\/wp\/v2\/pages\/233\/revisions\/1161"}],"wp:attachment":[{"href":"https:\/\/www.amapbrax31.org\/index.php?rest_route=%2Fwp%2Fv2%2Fmedia&parent=233"}],"curies":[{"name":"wp","href":"https:\/\/api.w.org\/{rel}","templated":true}]}}