{"id":282,"date":"2026-03-15T12:41:40","date_gmt":"2026-03-15T11:41:40","guid":{"rendered":"https:\/\/www.amapbrax31.org\/?page_id=282"},"modified":"2026-04-10T23:10:05","modified_gmt":"2026-04-10T21:10:05","slug":"le-contrat-miel","status":"publish","type":"page","link":"https:\/\/www.amapbrax31.org\/?page_id=282","title":{"rendered":"Le contrat Miel"},"content":{"rendered":"\n<div class=\"wp-block-columns alignfull are-vertically-aligned-center has-background is-layout-flex wp-container-core-columns-is-layout-28f84493 wp-block-columns-is-layout-flex\" style=\"background-color:#f4f1de\">\n<div class=\"wp-block-column is-vertically-aligned-center is-layout-flow wp-block-column-is-layout-flow\" style=\"flex-basis:25%\">\n<figure class=\"wp-block-image aligncenter size-full has-custom-border\"><img loading=\"lazy\" decoding=\"async\" width=\"600\" height=\"389\" src=\"https:\/\/www.amapbrax31.org\/wp-content\/uploads\/2026\/03\/cristina-marin-PRS2m3KI9D0-unsplash-redimensionne-taille-moyenne.jpeg\" alt=\"\" class=\"wp-image-764\" style=\"border-top-left-radius:20px;border-top-right-radius:20px;border-bottom-left-radius:20px;border-bottom-right-radius:20px\" srcset=\"https:\/\/www.amapbrax31.org\/wp-content\/uploads\/2026\/03\/cristina-marin-PRS2m3KI9D0-unsplash-redimensionne-taille-moyenne.jpeg 600w, https:\/\/www.amapbrax31.org\/wp-content\/uploads\/2026\/03\/cristina-marin-PRS2m3KI9D0-unsplash-redimensionne-taille-moyenne-300x195.jpeg 300w\" sizes=\"auto, (max-width: 600px) 100vw, 600px\" \/><\/figure>\n<\/div>\n\n\n\n<div class=\"wp-block-column is-vertically-aligned-center is-layout-flow wp-block-column-is-layout-flow\" style=\"flex-basis:50%\">\n<h2 class=\"wp-block-heading has-text-align-center has-x-large-font-size\"><strong>LE CONTRAT MIEL<\/strong><\/h2>\n<\/div>\n\n\n\n<div class=\"wp-block-column is-vertically-aligned-center has-background is-layout-flow wp-block-column-is-layout-flow\" style=\"border-top-left-radius:20px;border-top-right-radius:20px;border-bottom-left-radius:20px;border-bottom-right-radius:20px;background-color:#e9c46a;flex-basis:25%\">\n<p><\/p>\n\n\n\n<p class=\"has-text-align-center has-text-color has-link-color wp-elements-836c10932560fcc685fa6c1ffaacd3b0\" style=\"color:#333333;font-size:17px\">Vous souhaitez vous inscrire \u00e0 l\u2019AMAP Miel ?<\/p>\n\n\n\n<p class=\"has-text-align-center has-text-color has-link-color wp-elements-288f117691ea0aca74870e7d77ef5218\" style=\"color:#333333;font-size:30px\">Contactez le r\u00e9f\u00e9rent<\/p>\n\n\n\n<p class=\"has-text-align-center has-text-color has-link-color has-large-font-size wp-elements-dbe08e084d4498724fcc0583acc53400\" style=\"color:#386641;line-height:0\"><strong>Fabrice Boudy<\/strong><\/p>\n\n\n\n<p class=\"has-text-align-center has-text-color has-link-color has-medium-font-size wp-elements-8c2226b375f75d1c4327130cd3876e1c\" style=\"color:#386641;line-height:1.5\"><strong><a href=\"mailto:lesgourmetsdebrax@gmail.com\">lesgourmetsdebrax@gmail.com<\/a><\/strong><\/p>\n\n\n\n<p><\/p>\n<\/div>\n<\/div>\n\n\n\n<p><\/p>\n\n\n\n<p class=\"has-text-align-center has-text-color has-link-color wp-elements-fc5c4ff7aa82950f8096fdf4871a972f\" style=\"color:#52b788;font-size:30px\"><strong>FONCTIONNEMENT<\/strong><\/p>\n\n\n\n<figure class=\"wp-block-table has-medium-font-size\"><table class=\"has-text-color has-link-color has-border-color has-fixed-layout\" style=\"color:#333333;border-color:#386641;border-width:3px\"><tbody><tr><td>FR\u00c9QUENCE<\/td><td>4 distributions<\/td><\/tr><tr><td>P\u00c9RIODE \/ SAISON<\/td><td>de D\u00e9cembre \u00e0 Juin (pour la saison 2025-2026)<\/td><\/tr><tr><td>CONDITIONS D\u2019INSCRIPTION<\/td><td>Pas de condition particuli\u00e8re : inscription aux livraisons souhait\u00e9es et contenu des colis au choix<br><br><em>Possibilit\u00e9 de s&rsquo;inscrire en cours de saison<\/em><\/td><\/tr><\/tbody><\/table><\/figure>\n\n\n\n<p><\/p>\n\n\n\n<p class=\"has-text-align-center has-text-color has-link-color wp-elements-7a42ae0381af849639a80413ec740b5f\" style=\"color:#52b788;font-size:30px\"><strong>PRODUITS ET TARIFS*<\/strong><\/p>\n\n\n\n<figure class=\"wp-block-table has-medium-font-size\"><table class=\"has-border-color has-fixed-layout\" style=\"border-color:#386641;border-width:3px\"><tbody><tr><td>Miel pot de 500G<br><em>En fonction de la saison : printemps, rhododendron, ch\u00e2taignier, \u00e9t\u00e9, sarrasin&#8230;.<\/em><\/td><td class=\"has-text-align-center\" data-align=\"center\">12\u20ac<\/td><\/tr><tr><td>Propolis 10ml<\/td><td class=\"has-text-align-center\" data-align=\"center\">9\u20ac<\/td><\/tr><tr><td>Pain d&rsquo;abeilles, pollen lacto-ferment\u00e9<\/td><td class=\"has-text-align-center\" data-align=\"center\">22\u20ac<\/td><\/tr><tr><td>Cire de cuisson 2 b\u00e2tonnets<\/td><td class=\"has-text-align-center\" data-align=\"center\">4\u20ac<\/td><\/tr><tr><td>Cire de cuisson 1 hexagone<\/td><td class=\"has-text-align-center\" data-align=\"center\">1\u20ac<\/td><\/tr><\/tbody><\/table><figcaption class=\"wp-element-caption\">* Tarifs applicables pour la saison 2026<\/figcaption><\/figure>\n\n\n\n<p><\/p>\n\n\n\n<p class=\"has-text-align-center has-text-color has-link-color wp-elements-2cae6e01617beec6b1c61bb18e5ce670\" style=\"color:#52b788;font-size:30px\"><strong>CONTRAT<\/strong><\/p>\n\n\n\n<div data-wp-interactive=\"core\/file\" class=\"wp-block-file\"><object data-wp-bind--hidden=\"!state.hasPdfPreview\" hidden class=\"wp-block-file__embed\" data=\"https:\/\/www.amapbrax31.org\/wp-content\/uploads\/2026\/03\/engagement-vierge-Miel-saison-2025_2026.pdf\" type=\"application\/pdf\" style=\"width:100%;height:600px\" aria-label=\"Contenu embarqu\u00e9 engagement-vierge-Miel saison 2025_2026.\"><\/object><a id=\"wp-block-file--media-40af3e45-bc2b-4d95-b03e-9ee5a4c6a6e6\" href=\"https:\/\/www.amapbrax31.org\/wp-content\/uploads\/2026\/03\/engagement-vierge-Miel-saison-2025_2026.pdf\">engagement-vierge-Miel saison 2025_2026<\/a><a href=\"https:\/\/www.amapbrax31.org\/wp-content\/uploads\/2026\/03\/engagement-vierge-Miel-saison-2025_2026.pdf\" class=\"wp-block-file__button wp-element-button\" download aria-describedby=\"wp-block-file--media-40af3e45-bc2b-4d95-b03e-9ee5a4c6a6e6\">T\u00e9l\u00e9charger<\/a><\/div>\n\n\n\n<p><\/p>\n\n\n\n<div class=\"wp-block-media-text is-stacked-on-mobile\" style=\"border-top-left-radius:34px;border-top-right-radius:34px;border-bottom-left-radius:34px;border-bottom-right-radius:34px;grid-template-columns:38% auto\"><figure class=\"wp-block-media-text__media\"><img loading=\"lazy\" decoding=\"async\" width=\"1024\" height=\"1024\" src=\"https:\/\/www.amapbrax31.org\/wp-content\/uploads\/2026\/03\/image1-1024x1024.jpg\" alt=\"\" class=\"wp-image-285 size-full\" srcset=\"https:\/\/www.amapbrax31.org\/wp-content\/uploads\/2026\/03\/image1-1024x1024.jpg 1024w, https:\/\/www.amapbrax31.org\/wp-content\/uploads\/2026\/03\/image1-300x300.jpg 300w, https:\/\/www.amapbrax31.org\/wp-content\/uploads\/2026\/03\/image1-150x150.jpg 150w, https:\/\/www.amapbrax31.org\/wp-content\/uploads\/2026\/03\/image1-768x768.jpg 768w, https:\/\/www.amapbrax31.org\/wp-content\/uploads\/2026\/03\/image1.jpg 1040w\" sizes=\"auto, (max-width: 1024px) 100vw, 1024px\" \/><\/figure><div class=\"wp-block-media-text__content\">\n<p class=\"has-text-align-center has-text-color has-link-color wp-elements-648dcead92bcd24cbe85fe31d6b3e305\" style=\"color:#52b788;font-size:30px\"><strong>LA PRODUCTRICE<\/strong><\/p>\n\n\n\n<p class=\"has-text-align-left has-text-color has-link-color has-medium-font-size wp-elements-319a4e724b87f5ea27240ea8ada5f9b9\" style=\"color:#333333\"><strong>Lumi\u00e8re d&rsquo;abeilles<\/strong><\/p>\n\n\n\n<p class=\"has-text-color has-link-color has-medium-font-size wp-elements-29893ff8ef27103729db00f0c44cabb6\" style=\"color:#333333\">Lucie Hotier, apicultrice \u00e0 Fabas en Ari\u00e8ge, fait du miel press\u00e9.<\/p>\n\n\n\n<p class=\"has-text-color has-link-color has-medium-font-size wp-elements-2dae24ce9d3f1d9b19f85fb8eb0f24e2\" style=\"color:#333333\">C\u2019est une m\u00e9thode ancienne qui permet de s\u00e9parer le miel de la cire, de fa\u00e7on tr\u00e8s douce. <\/p>\n\n\n\n<p class=\"has-text-color has-link-color has-medium-font-size wp-elements-60cd291f166472eed479fe86d5ccf321\" style=\"color:#333333\">Elle utilise un extrudeur, ainsi le miel n\u2019est ni oxyd\u00e9, ni \u00e9vent\u00e9, ses bienfaits sont pr\u00e9serv\u00e9s et les ar\u00f4mes restent \u00e0 l\u2019int\u00e9rieur du miel.<\/p>\n<\/div><\/div>\n\n\n\n<p><\/p>\n\n\n\n<figure class=\"wp-block-embed is-type-video is-provider-youtube wp-block-embed-youtube wp-embed-aspect-16-9 wp-has-aspect-ratio\"><div class=\"wp-block-embed__wrapper\">\n<iframe loading=\"lazy\" title=\"Lumi\u00e8re d abeilles &quot;Des racines et des ailes&quot;\" width=\"500\" height=\"281\" src=\"https:\/\/www.youtube.com\/embed\/CyGrNudVqXA?start=224&#038;feature=oembed\" frameborder=\"0\" allow=\"accelerometer; autoplay; clipboard-write; encrypted-media; gyroscope; picture-in-picture; web-share\" referrerpolicy=\"strict-origin-when-cross-origin\" allowfullscreen><\/iframe>\n<\/div><\/figure>\n\n\n\n<div class=\"wp-block-group has-background is-content-justification-center is-nowrap is-layout-flex wp-container-core-group-is-layout-35891901 wp-block-group-is-layout-flex\" style=\"border-top-left-radius:20px;border-top-right-radius:20px;border-bottom-left-radius:20px;border-bottom-right-radius:20px;background-color:#e9c46a\">\n<p class=\"has-text-color has-link-color wp-elements-498a670361a321bf7cecb9fe4f1389d0\" style=\"color:#386641;font-size:30px\">En savoir plus sur Lumi\u00e8re d&rsquo;Abeilles : <\/p>\n\n\n\n<figure class=\"wp-block-image size-full\"><a href=\"https:\/\/www.mielpresse.com\/\" target=\"_blank\" rel=\" noreferrer noopener\"><img loading=\"lazy\" decoding=\"async\" width=\"64\" height=\"64\" src=\"https:\/\/www.amapbrax31.org\/wp-content\/uploads\/2026\/03\/globe.png\" alt=\"\" class=\"wp-image-377\"\/><\/a><\/figure>\n\n\n\n<figure class=\"wp-block-image size-full\"><a href=\"https:\/\/www.google.com\/maps\/place\/Tan%C3%A9,+09230+Fabas\/@43.1123415,1.104457,15z\/data=!3m1!4b1!4m6!3m5!1s0x12a8d6e78d298783:0xa06f69ee6f1d910!8m2!3d43.112342!4d1.104457!16s%2Fg%2F1td2qrc0?entry=ttu&amp;g_ep=EgoyMDI2MDMxNS4wIKXMDSoASAFQAw%3D%3D\" target=\"_blank\" rel=\" noreferrer noopener\"><img loading=\"lazy\" decoding=\"async\" width=\"64\" height=\"64\" src=\"https:\/\/www.amapbrax31.org\/wp-content\/uploads\/2026\/03\/emplacement-de-la-couche-terrestre1.png\" alt=\"\" class=\"wp-image-379\"\/><\/a><\/figure>\n<\/div>\n\n\n\n<p><\/p>\n\n\n\n<p><\/p>\n\n\n\n<p><\/p>\n","protected":false},"excerpt":{"rendered":"<p>LE CONTRAT MIEL Vous souhaitez vous inscrire \u00e0 l\u2019AMAP Miel ? Contactez le r\u00e9f\u00e9rent Fabrice Boudy lesgourmetsdebrax@gmail.com FONCTIONNEMENT FR\u00c9QUENCE 4 [&hellip;]<\/p>\n","protected":false},"author":2,"featured_media":0,"parent":0,"menu_order":0,"comment_status":"closed","ping_status":"closed","template":"","meta":{"site-sidebar-layout":"default","site-content-layout":"","ast-site-content-layout":"default","site-content-style":"default","site-sidebar-style":"default","ast-global-header-display":"","ast-banner-title-visibility":"","ast-main-header-display":"","ast-hfb-above-header-display":"","ast-hfb-below-header-display":"","ast-hfb-mobile-header-display":"","site-post-title":"disabled","ast-breadcrumbs-content":"","ast-featured-img":"","footer-sml-layout":"","ast-disable-related-posts":"","theme-transparent-header-meta":"","adv-header-id-meta":"","stick-header-meta":"","header-above-stick-meta":"","header-main-stick-meta":"","header-below-stick-meta":"","astra-migrate-meta-layouts":"default","ast-page-background-enabled":"default","ast-page-background-meta":{"desktop":{"background-color":"var(--ast-global-color-5)","background-image":"","background-repeat":"repeat","background-position":"center center","background-size":"auto","background-attachment":"scroll","background-type":"","background-media":"","overlay-type":"","overlay-color":"","overlay-opacity":"","overlay-gradient":""},"tablet":{"background-color":"","background-image":"","background-repeat":"repeat","background-position":"center center","background-size":"auto","background-attachment":"scroll","background-type":"","background-media":"","overlay-type":"","overlay-color":"","overlay-opacity":"","overlay-gradient":""},"mobile":{"background-color":"","background-image":"","background-repeat":"repeat","background-position":"center center","background-size":"auto","background-attachment":"scroll","background-type":"","background-media":"","overlay-type":"","overlay-color":"","overlay-opacity":"","overlay-gradient":""}},"ast-content-background-meta":{"desktop":{"background-color":"var(--ast-global-color-4)","background-image":"","background-repeat":"repeat","background-position":"center center","background-size":"auto","background-attachment":"scroll","background-type":"","background-media":"","overlay-type":"","overlay-color":"","overlay-opacity":"","overlay-gradient":""},"tablet":{"background-color":"var(--ast-global-color-4)","background-image":"","background-repeat":"repeat","background-position":"center center","background-size":"auto","background-attachment":"scroll","background-type":"","background-media":"","overlay-type":"","overlay-color":"","overlay-opacity":"","overlay-gradient":""},"mobile":{"background-color":"var(--ast-global-color-4)","background-image":"","background-repeat":"repeat","background-position":"center center","background-size":"auto","background-attachment":"scroll","background-type":"","background-media":"","overlay-type":"","overlay-color":"","overlay-opacity":"","overlay-gradient":""}},"footnotes":""},"class_list":["post-282","page","type-page","status-publish","hentry"],"_links":{"self":[{"href":"https:\/\/www.amapbrax31.org\/index.php?rest_route=\/wp\/v2\/pages\/282","targetHints":{"allow":["GET"]}}],"collection":[{"href":"https:\/\/www.amapbrax31.org\/index.php?rest_route=\/wp\/v2\/pages"}],"about":[{"href":"https:\/\/www.amapbrax31.org\/index.php?rest_route=\/wp\/v2\/types\/page"}],"author":[{"embeddable":true,"href":"https:\/\/www.amapbrax31.org\/index.php?rest_route=\/wp\/v2\/users\/2"}],"replies":[{"embeddable":true,"href":"https:\/\/www.amapbrax31.org\/index.php?rest_route=%2Fwp%2Fv2%2Fcomments&post=282"}],"version-history":[{"count":14,"href":"https:\/\/www.amapbrax31.org\/index.php?rest_route=\/wp\/v2\/pages\/282\/revisions"}],"predecessor-version":[{"id":1365,"href":"https:\/\/www.amapbrax31.org\/index.php?rest_route=\/wp\/v2\/pages\/282\/revisions\/1365"}],"wp:attachment":[{"href":"https:\/\/www.amapbrax31.org\/index.php?rest_route=%2Fwp%2Fv2%2Fmedia&parent=282"}],"curies":[{"name":"wp","href":"https:\/\/api.w.org\/{rel}","templated":true}]}}