{"id":290,"date":"2026-03-15T12:41:34","date_gmt":"2026-03-15T11:41:34","guid":{"rendered":"https:\/\/www.amapbrax31.org\/?page_id=290"},"modified":"2026-04-10T23:10:49","modified_gmt":"2026-04-10T21:10:49","slug":"le-contrat-muesli-granola","status":"publish","type":"page","link":"https:\/\/www.amapbrax31.org\/?page_id=290","title":{"rendered":"Le contrat Muesli-Granola"},"content":{"rendered":"\n<div class=\"wp-block-columns alignfull are-vertically-aligned-center has-background is-layout-flex wp-container-core-columns-is-layout-28f84493 wp-block-columns-is-layout-flex\" style=\"background-color:#f4f1de\">\n<div class=\"wp-block-column is-vertically-aligned-center is-layout-flow wp-block-column-is-layout-flow\" style=\"flex-basis:25%\">\n<figure class=\"wp-block-image size-full has-custom-border\"><img loading=\"lazy\" decoding=\"async\" width=\"600\" height=\"400\" src=\"https:\/\/www.amapbrax31.org\/wp-content\/uploads\/2026\/03\/IMG_3193-redimensionne-taille-moyenne.jpeg\" alt=\"\" class=\"wp-image-293\" style=\"border-top-left-radius:20px;border-top-right-radius:20px;border-bottom-left-radius:20px;border-bottom-right-radius:20px\" srcset=\"https:\/\/www.amapbrax31.org\/wp-content\/uploads\/2026\/03\/IMG_3193-redimensionne-taille-moyenne.jpeg 600w, https:\/\/www.amapbrax31.org\/wp-content\/uploads\/2026\/03\/IMG_3193-redimensionne-taille-moyenne-300x200.jpeg 300w\" sizes=\"auto, (max-width: 600px) 100vw, 600px\" \/><\/figure>\n<\/div>\n\n\n\n<div class=\"wp-block-column is-vertically-aligned-center is-layout-flow wp-block-column-is-layout-flow\" style=\"flex-basis:50%\">\n<h2 class=\"wp-block-heading has-text-align-center has-x-large-font-size\"><strong>LE CONTRAT MUESLI ET GRANOLA<\/strong><\/h2>\n<\/div>\n\n\n\n<div class=\"wp-block-column is-vertically-aligned-center has-background is-layout-flow wp-block-column-is-layout-flow\" style=\"border-top-left-radius:20px;border-top-right-radius:20px;border-bottom-left-radius:20px;border-bottom-right-radius:20px;background-color:#e9c46a;flex-basis:25%\">\n<p><\/p>\n\n\n\n<p class=\"has-text-align-center has-text-color has-link-color wp-elements-59ea442e75947c80fe9a07a19863de13\" style=\"color:#333333;font-size:17px\">Vous souhaitez vous inscrire \u00e0 l\u2019AMAP Muesli-Granola ?<\/p>\n\n\n\n<p class=\"has-text-align-center has-text-color has-link-color wp-elements-d8784efa409f747d0522559f58421fa3\" style=\"color:#333333;font-size:30px\">Contactez la r\u00e9f\u00e9rente<\/p>\n\n\n\n<p class=\"has-text-align-center has-text-color has-link-color has-large-font-size wp-elements-54f5f83ddde262e5031c9cceced5ee9f\" style=\"color:#386641;line-height:0\"><strong>Sylvie Leguay<\/strong><\/p>\n\n\n\n<p class=\"has-text-align-center has-text-color has-link-color has-medium-font-size wp-elements-8c2226b375f75d1c4327130cd3876e1c\" style=\"color:#386641;line-height:1.5\"><strong><a href=\"mailto:lesgourmetsdebrax@gmail.com\">lesgourmetsdebrax@gmail.com<\/a><\/strong><\/p>\n\n\n\n<p><\/p>\n<\/div>\n<\/div>\n\n\n\n<p><\/p>\n\n\n\n<p class=\"has-text-align-center has-text-color has-link-color wp-elements-fc5c4ff7aa82950f8096fdf4871a972f\" style=\"color:#52b788;font-size:30px\"><strong>FONCTIONNEMENT<\/strong><\/p>\n\n\n\n<figure class=\"wp-block-table has-medium-font-size\"><table class=\"has-text-color has-link-color has-border-color has-fixed-layout\" style=\"color:#333333;border-color:#386641;border-width:3px\"><tbody><tr><td>FR\u00c9QUENCE<\/td><td>Mensuelle<\/td><\/tr><tr><td>P\u00c9RIODE \/ SAISON<\/td><td>De Juin \u00e0 Mai<\/td><\/tr><tr><td>CONDITIONS D\u2019INSCRIPTION<\/td><td>Pas de condition particuli\u00e8re : inscription aux livraisons souhait\u00e9es et contenu des colis au choix<br><br><em>Possibilit\u00e9 de s&rsquo;inscrire en cours de saison<\/em><\/td><\/tr><\/tbody><\/table><\/figure>\n\n\n\n<p><\/p>\n\n\n\n<p class=\"has-text-align-center has-text-color has-link-color wp-elements-7a42ae0381af849639a80413ec740b5f\" style=\"color:#52b788;font-size:30px\"><strong>PRODUITS ET TARIFS*<\/strong><\/p>\n\n\n\n<figure class=\"wp-block-table has-medium-font-size\"><table class=\"has-text-color has-link-color has-border-color has-fixed-layout\" style=\"color:#333333;border-color:#386641;border-width:3px\"><tbody><tr><td><strong>Flocons d&rsquo;avoine :<\/strong><br>&#8211; Paquet de 500g<br>&#8211; Paquet de 1kg<br>&#8211; En vrac de 3kg ou 5kg<\/td><td class=\"has-text-align-center\" data-align=\"center\"><br>2,60\u20ac<br>5\u20ac<br>4,50\u20ac le Kg<\/td><\/tr><tr><td><strong>Muesli Chocolat ou Croustillant :<\/strong><br>&#8211; Paquet de 500g<br>&#8211; Paquet de 1kg<br>&#8211; En vrac de 3kg ou 5kg<\/td><td class=\"has-text-align-center\" data-align=\"center\"><br>5,70\u20ac<br>11\u20ac<br>10,50\u20ac le Kg<\/td><\/tr><tr><td><strong>Muesli Raisins Secs :<\/strong><br>&#8211; Paquet de 500g<br>&#8211; Paquet de 1kg<br>&#8211; En vrac de 3kg ou 5kg<\/td><td class=\"has-text-align-center\" data-align=\"center\"><br>5,20\u20ac<br>10\u20ac<br>9,50\u20ac le Kg<\/td><\/tr><tr><td><strong>Granola Nature ou Figues-Abricots ou Pomme-Cannelle :<\/strong><br>&#8211; Paquet de 500g<br>&#8211; Paquet de 1kg<br>&#8211; En vrac de 3kg ou 5kg<\/td><td class=\"has-text-align-center\" data-align=\"center\"><br>6,80\u20ac<br>13,40\u20ac<br>13\u20ac le Kg<\/td><\/tr><tr><td><strong>Granola Chocolat ou Orange-Chocolat : <\/strong><br>&#8211; Paquet de 500g<br>&#8211; Paquet de 1kg<br>&#8211; En vrac de 3kg ou 5kg<\/td><td class=\"has-text-align-center\" data-align=\"center\"><br>7,30\u20ac<br>14,40\u20ac<br>14\u20ac le Kg<\/td><\/tr><tr><td><strong>Barre de C\u00e9r\u00e9ales Nature :<\/strong><br>&#8211; 2 barres<br>&#8211; 6 barres<br>&#8211; 10 barres en vrac<\/td><td class=\"has-text-align-center\" data-align=\"center\"><br>2,70\u20ac<br>7,50\u20ac<br>11,50\u20ac<\/td><\/tr><tr><td><strong>Barre de C\u00e9r\u00e9ales Chocolat :<\/strong><br>&#8211; 2 barres<br> &#8211; 6 barres<br>&#8211; 10 barres en vrac<\/td><td class=\"has-text-align-center\" data-align=\"center\"><br>2,90\u20ac<br>8,10\u20ac<br>12,50\u20ac<\/td><\/tr><\/tbody><\/table><figcaption class=\"wp-element-caption\">* Tarifs applicables pour la saison 2026<\/figcaption><\/figure>\n\n\n\n<p><\/p>\n\n\n\n<p class=\"has-text-align-center has-text-color has-link-color wp-elements-2cae6e01617beec6b1c61bb18e5ce670\" style=\"color:#52b788;font-size:30px\"><strong>CONTRAT<\/strong><\/p>\n\n\n\n<div data-wp-interactive=\"core\/file\" class=\"wp-block-file\"><object data-wp-bind--hidden=\"!state.hasPdfPreview\" hidden class=\"wp-block-file__embed\" data=\"https:\/\/www.amapbrax31.org\/wp-content\/uploads\/2026\/03\/engagement-vierge-Flocons-muesli-et-granola-2025.pdf\" type=\"application\/pdf\" style=\"width:100%;height:600px\" aria-label=\"Contenu embarqu\u00e9 engagement-vierge-Flocons, muesli et granola 2025.\"><\/object><a id=\"wp-block-file--media-abf6d0f3-a005-4e6e-b0d6-caebfc620aae\" href=\"https:\/\/www.amapbrax31.org\/wp-content\/uploads\/2026\/03\/engagement-vierge-Flocons-muesli-et-granola-2025.pdf\">engagement-vierge-Flocons, muesli et granola 2025<\/a><a href=\"https:\/\/www.amapbrax31.org\/wp-content\/uploads\/2026\/03\/engagement-vierge-Flocons-muesli-et-granola-2025.pdf\" class=\"wp-block-file__button wp-element-button\" download aria-describedby=\"wp-block-file--media-abf6d0f3-a005-4e6e-b0d6-caebfc620aae\">T\u00e9l\u00e9charger<\/a><\/div>\n\n\n\n<p><\/p>\n\n\n\n<div class=\"wp-block-media-text is-stacked-on-mobile\"><figure class=\"wp-block-media-text__media\"><img loading=\"lazy\" decoding=\"async\" width=\"1024\" height=\"683\" src=\"https:\/\/www.amapbrax31.org\/wp-content\/uploads\/2026\/03\/23-04-08-fam-vacances-clem-tain-18-21-54-.jpg\" alt=\"\" class=\"wp-image-292 size-full\" srcset=\"https:\/\/www.amapbrax31.org\/wp-content\/uploads\/2026\/03\/23-04-08-fam-vacances-clem-tain-18-21-54-.jpg 1024w, https:\/\/www.amapbrax31.org\/wp-content\/uploads\/2026\/03\/23-04-08-fam-vacances-clem-tain-18-21-54--300x200.jpg 300w, https:\/\/www.amapbrax31.org\/wp-content\/uploads\/2026\/03\/23-04-08-fam-vacances-clem-tain-18-21-54--768x512.jpg 768w\" sizes=\"auto, (max-width: 1024px) 100vw, 1024px\" \/><\/figure><div class=\"wp-block-media-text__content\">\n<p class=\"has-text-align-center has-text-color has-link-color wp-elements-295b03c8bcbcf888c27c9407791b0df1\" style=\"color:#52b788;font-size:30px\"><strong>LES PRODUCTEURS<\/strong><\/p>\n\n\n\n<p class=\"has-text-color has-link-color has-medium-font-size wp-elements-e5453f6e851238028042f9008f165ec5\" style=\"color:#333333\"><strong>La Ferme de la Garenne<\/strong><\/p>\n\n\n\n<p class=\"has-text-color has-link-color has-medium-font-size wp-elements-bf876367375f4d01a306449531ef07c9\" style=\"color:#333333\">La ferme de la Garenne est install\u00e9e au Burgaud; Anne-Lise Bayssac et son fr\u00e8re Arnaud produisent des c\u00e9r\u00e9ales, en agriculture biologique sur sols vivants, ainsi que du miel et de l\u2019huile de tournesol utilis\u00e9s dans les Granolas.<\/p>\n\n\n\n<p class=\"has-text-color has-link-color has-medium-font-size wp-elements-a5c20c31fc9e4cdf083e5041912d9a89\" style=\"color:#333333\">Les produits sont enti\u00e8rement r\u00e9alis\u00e9s \u00e0 la ferme, du semis jusqu&rsquo;\u00e0 la mise en sachet. Pour les flocons d\u2019avoine, l\u2019avoine est torr\u00e9fi\u00e9e au feu de bois puis floconn\u00e9e. <\/p>\n\n\n\n<p class=\"has-text-color has-link-color has-medium-font-size wp-elements-b0c07c1aa21cd7a372518f811eda8da3\" style=\"color:#333333\">Les Mueslis contiennent flocons d&rsquo;avoine, noisettes et graines de tournesol torr\u00e9fi\u00e9es, et au choix, chunk de chocolat ou raisins secs. Une version en muesli croustillant existe aussi. Les Granolas se composent de flocons d&rsquo;avoine, noisettes, amandes, sucre de canne et miel auxquels sont ajout\u00e9s soit du chocolat, soit des figues et abricots s\u00e9ch\u00e9s, soit des pommes et cranberries s\u00e9ch\u00e9s avec de la cannelle. Les Granolas sont d\u00e9clin\u00e9s en barre de c\u00e9r\u00e9ales, nature ou au chocolat.<\/p>\n<\/div><\/div>\n\n\n\n<p><\/p>\n\n\n\n<div class=\"wp-block-group has-background is-content-justification-center is-nowrap is-layout-flex wp-container-core-group-is-layout-84af8579 wp-block-group-is-layout-flex\" style=\"border-top-left-radius:20px;border-top-right-radius:20px;border-bottom-left-radius:20px;border-bottom-right-radius:20px;background-color:#e9c46a\">\n<p class=\"has-text-color has-link-color wp-elements-759c4027db5d00d6f3644d33da321149\" style=\"color:#386641;font-size:30px\">En savoir plus sur la Ferme de la Garenne : <\/p>\n\n\n\n<figure class=\"wp-block-image size-full\"><a href=\"https:\/\/www.facebook.com\/p\/Ferme-de-la-Garenne-61576252371056\/\" target=\"_blank\" rel=\" noreferrer noopener\"><img loading=\"lazy\" decoding=\"async\" width=\"64\" height=\"64\" src=\"https:\/\/www.amapbrax31.org\/wp-content\/uploads\/2026\/03\/facebook2.png\" alt=\"\" class=\"wp-image-334\"\/><\/a><\/figure>\n\n\n\n<figure class=\"wp-block-image size-full\"><a href=\"https:\/\/www.instagram.com\/fermedelagarenne\/\" target=\"_blank\" rel=\" noreferrer noopener\"><img loading=\"lazy\" decoding=\"async\" width=\"64\" height=\"64\" src=\"https:\/\/www.amapbrax31.org\/wp-content\/uploads\/2026\/03\/instagram-circle.png\" alt=\"\" class=\"wp-image-378\"\/><\/a><\/figure>\n\n\n\n<figure class=\"wp-block-image size-full\"><a href=\"https:\/\/www.google.com\/maps\/place\/2105+Rte+de+Beaupuy,+31330+Le+Burgaud\/@43.8071201,1.1475517,17z\/data=!3m1!4b1!4m6!3m5!1s0x12abfe6c5cbf6d01:0x6e8bb2333173d38d!8m2!3d43.8071201!4d1.150132!16s%2Fg%2F11c5k2nntq?entry=ttu&amp;g_ep=EgoyMDI2MDMyNC4wIKXMDSoASAFQAw%3D%3D\" target=\"_blank\" rel=\" noreferrer noopener\"><img loading=\"lazy\" decoding=\"async\" width=\"64\" height=\"64\" src=\"https:\/\/www.amapbrax31.org\/wp-content\/uploads\/2026\/03\/emplacement-de-la-couche-terrestre1.png\" alt=\"\" class=\"wp-image-379\"\/><\/a><\/figure>\n<\/div>\n\n\n\n<p><\/p>\n\n\n\n<p><\/p>\n\n\n\n<p><\/p>\n","protected":false},"excerpt":{"rendered":"<p>LE CONTRAT MUESLI ET GRANOLA Vous souhaitez vous inscrire \u00e0 l\u2019AMAP Muesli-Granola ? Contactez la r\u00e9f\u00e9rente Sylvie Leguay lesgourmetsdebrax@gmail.com FONCTIONNEMENT [&hellip;]<\/p>\n","protected":false},"author":2,"featured_media":0,"parent":0,"menu_order":0,"comment_status":"closed","ping_status":"closed","template":"","meta":{"site-sidebar-layout":"default","site-content-layout":"","ast-site-content-layout":"default","site-content-style":"default","site-sidebar-style":"default","ast-global-header-display":"","ast-banner-title-visibility":"","ast-main-header-display":"","ast-hfb-above-header-display":"","ast-hfb-below-header-display":"","ast-hfb-mobile-header-display":"","site-post-title":"disabled","ast-breadcrumbs-content":"","ast-featured-img":"","footer-sml-layout":"","ast-disable-related-posts":"","theme-transparent-header-meta":"","adv-header-id-meta":"","stick-header-meta":"","header-above-stick-meta":"","header-main-stick-meta":"","header-below-stick-meta":"","astra-migrate-meta-layouts":"default","ast-page-background-enabled":"default","ast-page-background-meta":{"desktop":{"background-color":"var(--ast-global-color-5)","background-image":"","background-repeat":"repeat","background-position":"center center","background-size":"auto","background-attachment":"scroll","background-type":"","background-media":"","overlay-type":"","overlay-color":"","overlay-opacity":"","overlay-gradient":""},"tablet":{"background-color":"","background-image":"","background-repeat":"repeat","background-position":"center center","background-size":"auto","background-attachment":"scroll","background-type":"","background-media":"","overlay-type":"","overlay-color":"","overlay-opacity":"","overlay-gradient":""},"mobile":{"background-color":"","background-image":"","background-repeat":"repeat","background-position":"center center","background-size":"auto","background-attachment":"scroll","background-type":"","background-media":"","overlay-type":"","overlay-color":"","overlay-opacity":"","overlay-gradient":""}},"ast-content-background-meta":{"desktop":{"background-color":"var(--ast-global-color-4)","background-image":"","background-repeat":"repeat","background-position":"center center","background-size":"auto","background-attachment":"scroll","background-type":"","background-media":"","overlay-type":"","overlay-color":"","overlay-opacity":"","overlay-gradient":""},"tablet":{"background-color":"var(--ast-global-color-4)","background-image":"","background-repeat":"repeat","background-position":"center center","background-size":"auto","background-attachment":"scroll","background-type":"","background-media":"","overlay-type":"","overlay-color":"","overlay-opacity":"","overlay-gradient":""},"mobile":{"background-color":"var(--ast-global-color-4)","background-image":"","background-repeat":"repeat","background-position":"center center","background-size":"auto","background-attachment":"scroll","background-type":"","background-media":"","overlay-type":"","overlay-color":"","overlay-opacity":"","overlay-gradient":""}},"footnotes":""},"class_list":["post-290","page","type-page","status-publish","hentry"],"_links":{"self":[{"href":"https:\/\/www.amapbrax31.org\/index.php?rest_route=\/wp\/v2\/pages\/290","targetHints":{"allow":["GET"]}}],"collection":[{"href":"https:\/\/www.amapbrax31.org\/index.php?rest_route=\/wp\/v2\/pages"}],"about":[{"href":"https:\/\/www.amapbrax31.org\/index.php?rest_route=\/wp\/v2\/types\/page"}],"author":[{"embeddable":true,"href":"https:\/\/www.amapbrax31.org\/index.php?rest_route=\/wp\/v2\/users\/2"}],"replies":[{"embeddable":true,"href":"https:\/\/www.amapbrax31.org\/index.php?rest_route=%2Fwp%2Fv2%2Fcomments&post=290"}],"version-history":[{"count":11,"href":"https:\/\/www.amapbrax31.org\/index.php?rest_route=\/wp\/v2\/pages\/290\/revisions"}],"predecessor-version":[{"id":1366,"href":"https:\/\/www.amapbrax31.org\/index.php?rest_route=\/wp\/v2\/pages\/290\/revisions\/1366"}],"wp:attachment":[{"href":"https:\/\/www.amapbrax31.org\/index.php?rest_route=%2Fwp%2Fv2%2Fmedia&parent=290"}],"curies":[{"name":"wp","href":"https:\/\/api.w.org\/{rel}","templated":true}]}}