{"id":423,"date":"2026-03-14T12:35:25","date_gmt":"2026-03-14T11:35:25","guid":{"rendered":"https:\/\/www.amapbrax31.org\/?page_id=423"},"modified":"2026-04-11T11:53:20","modified_gmt":"2026-04-11T09:53:20","slug":"infos","status":"publish","type":"page","link":"https:\/\/www.amapbrax31.org\/?page_id=423","title":{"rendered":"Infos"},"content":{"rendered":"\n<div class=\"wp-block-columns alignfull are-vertically-aligned-center has-background is-layout-flex wp-container-core-columns-is-layout-28f84493 wp-block-columns-is-layout-flex\" style=\"background-color:#f4f1de\">\n<div class=\"wp-block-column is-vertically-aligned-center is-layout-flow wp-block-column-is-layout-flow\" style=\"flex-basis:66.66%\">\n<h2 class=\"wp-block-heading has-text-align-right has-x-large-font-size\"><strong>INFORMATIONS<\/strong><\/h2>\n<\/div>\n\n\n\n<div class=\"wp-block-column is-vertically-aligned-center is-layout-flow wp-block-column-is-layout-flow\" style=\"flex-basis:33.33%\">\n<figure class=\"wp-block-image size-full\"><img loading=\"lazy\" decoding=\"async\" width=\"64\" height=\"64\" src=\"https:\/\/www.amapbrax31.org\/wp-content\/uploads\/2026\/04\/info.png\" alt=\"\" class=\"wp-image-1259\"\/><\/figure>\n<\/div>\n<\/div>\n\n\n\n<p><\/p>\n\n\n\n<p class=\"has-text-align-left has-text-color has-link-color wp-elements-2c2f1b138ca465ef4a0a3c119db1aa93\" style=\"color:#52b788;font-size:30px\"><strong>PLAN DU SITE<\/strong><\/p>\n\n\n\n<ul style=\"margin-top:0;margin-right:var(--wp--preset--spacing--50);margin-bottom:0;margin-left:var(--wp--preset--spacing--50)\" class=\"wp-block-list\">\n<li style=\"margin-top:var(--wp--preset--spacing--50);margin-bottom:var(--wp--preset--spacing--50);font-size:25px\"><a href=\"https:\/\/www.amapbrax31.org\/\" data-type=\"page\" data-id=\"10\">Accueil<\/a><\/li>\n\n\n\n<li style=\"margin-top:var(--wp--preset--spacing--50);margin-bottom:var(--wp--preset--spacing--50);font-size:25px\"><a href=\"https:\/\/www.amapbrax31.org\/?page_id=172\" data-type=\"page\" data-id=\"172\">Fonctionnement<\/a><\/li>\n\n\n\n<li style=\"margin-top:var(--wp--preset--spacing--50);margin-bottom:var(--wp--preset--spacing--50);font-size:25px\"><a href=\"https:\/\/www.amapbrax31.org\/?page_id=187\" data-type=\"page\" data-id=\"187\">Paniers, Tarifs et Producteurs<\/a>\n<ul style=\"margin-top:var(--wp--preset--spacing--50);margin-bottom:var(--wp--preset--spacing--50)\" class=\"wp-block-list\">\n<li><a href=\"https:\/\/www.amapbrax31.org\/?page_id=435\" data-type=\"page\" data-id=\"435\">Les contrats L\u00e9gumes ou Fruits<\/a>\n<ul class=\"wp-block-list\">\n<li style=\"font-size:20px\"><a href=\"https:\/\/www.amapbrax31.org\/?page_id=136\" data-type=\"page\" data-id=\"136\">Le contrat L\u00e9gumes<\/a><\/li>\n\n\n\n<li style=\"font-size:20px\"><a href=\"https:\/\/www.amapbrax31.org\/?page_id=141\" data-type=\"page\" data-id=\"141\">Le contrat Fruits, Pain et Produits transform\u00e9s<\/a><\/li>\n<\/ul>\n<\/li>\n\n\n\n<li><a href=\"https:\/\/www.amapbrax31.org\/?page_id=437\" data-type=\"page\" data-id=\"437\">Les contrats Viandes<\/a>\n<ul class=\"wp-block-list\">\n<li style=\"font-size:20px\"><a href=\"https:\/\/www.amapbrax31.org\/?page_id=318\" data-type=\"page\" data-id=\"318\">Le contrat Volailles et \u0153ufs<\/a> <\/li>\n\n\n\n<li style=\"font-size:20px\"><a href=\"https:\/\/www.amapbrax31.org\/?page_id=225\" data-type=\"page\" data-id=\"225\">Le contrat Agneau et Mouton<\/a><\/li>\n\n\n\n<li style=\"font-size:20px\"><a href=\"https:\/\/www.amapbrax31.org\/?page_id=309\" data-type=\"page\" data-id=\"309\">Le contrat Veau et B\u0153uf<\/a><\/li>\n\n\n\n<li style=\"font-size:20px\"><a href=\"https:\/\/www.amapbrax31.org\/?page_id=233\" data-type=\"page\" data-id=\"233\">Le contrat Cochon<\/a><\/li>\n<\/ul>\n<\/li>\n\n\n\n<li><a href=\"https:\/\/www.amapbrax31.org\/?page_id=439\" data-type=\"page\" data-id=\"439\">Les contrats Produits Laitiers<\/a>\n<ul class=\"wp-block-list\">\n<li style=\"font-size:20px\"><a href=\"https:\/\/www.amapbrax31.org\/?page_id=269\" data-type=\"page\" data-id=\"269\">Le contrat Fromages de Ch\u00e8vre<\/a><\/li>\n\n\n\n<li style=\"font-size:20px\"><a href=\"https:\/\/www.amapbrax31.org\/?page_id=350\" data-type=\"page\" data-id=\"350\">Le contrat Produits Laitiers de Brebis<\/a><\/li>\n<\/ul>\n<\/li>\n\n\n\n<li><a href=\"https:\/\/www.amapbrax31.org\/?page_id=441\" data-type=\"page\" data-id=\"441\">Les contrats \u00c9picerie diverse<\/a>\n<ul class=\"wp-block-list\">\n<li style=\"font-size:20px\"><a href=\"https:\/\/www.amapbrax31.org\/?page_id=408\" data-type=\"page\" data-id=\"408\">Le contrat Farines, L\u00e9gumineuses, P\u00e2tes et Huiles<\/a><\/li>\n\n\n\n<li style=\"font-size:20px\"><a href=\"https:\/\/www.amapbrax31.org\/?page_id=282\" data-type=\"page\" data-id=\"282\">Le contrat Miel<\/a><\/li>\n\n\n\n<li style=\"font-size:20px\"><a href=\"https:\/\/www.amapbrax31.org\/?page_id=290\" data-type=\"page\" data-id=\"290\">Le contrat Muesli et Granola<\/a><\/li>\n\n\n\n<li style=\"font-size:20px\"><a href=\"https:\/\/www.amapbrax31.org\/?page_id=299\" data-type=\"page\" data-id=\"299\">Le contrat Produits Transform\u00e9s<\/a><\/li>\n\n\n\n<li style=\"font-size:20px\"><a href=\"https:\/\/www.amapbrax31.org\/?page_id=73\" data-type=\"page\" data-id=\"73\">Le contrat Tisanes<\/a><\/li>\n<\/ul>\n<\/li>\n\n\n\n<li style=\"margin-top:0;margin-right:0;margin-bottom:0;margin-left:0\"><a href=\"https:\/\/www.amapbrax31.org\/?page_id=479\" data-type=\"page\" data-id=\"479\">Commandes Sp\u00e9ciales<\/a>\n<ul class=\"wp-block-list\">\n<li style=\"font-size:20px\"><a href=\"https:\/\/www.amapbrax31.org\/?page_id=875\" data-type=\"page\" data-id=\"875\">Le Pain de Karine<\/a><\/li>\n\n\n\n<li style=\"font-size:20px\"><a href=\"https:\/\/www.amapbrax31.org\/?page_id=878\" data-type=\"page\" data-id=\"878\">Glaces Ice Pops de Gemma<\/a><\/li>\n\n\n\n<li style=\"font-size:20px\"><a href=\"https:\/\/www.amapbrax31.org\/?page_id=882\" data-type=\"page\" data-id=\"882\">Les B\u00fbches Glac\u00e9es de Fanny<\/a><\/li>\n\n\n\n<li style=\"font-size:20px\"><a href=\"https:\/\/www.amapbrax31.org\/?page_id=885\" data-type=\"page\" data-id=\"885\">Domaine Rotier<\/a><\/li>\n<\/ul>\n<\/li>\n<\/ul>\n<\/li>\n\n\n\n<li style=\"margin-top:var(--wp--preset--spacing--50);margin-right:0;margin-bottom:var(--wp--preset--spacing--50);margin-left:0;font-size:25px\"><a href=\"https:\/\/www.amapbrax31.org\/?page_id=149\" data-type=\"page\" data-id=\"149\">Foire aux Questions<\/a><\/li>\n\n\n\n<li style=\"margin-top:var(--wp--preset--spacing--50);margin-bottom:var(--wp--preset--spacing--50);font-size:25px\"><a href=\"https:\/\/www.amapbrax31.org\/?page_id=423\" data-type=\"page\" data-id=\"423\">Informations (Plan du site)<\/a>\n<ul class=\"wp-block-list\">\n<li><a href=\"https:\/\/www.amapbrax31.org\/?page_id=37\" data-type=\"page\" data-id=\"37\">C&rsquo;est quoi une AMAP ?<\/a><\/li>\n\n\n\n<li><a href=\"https:\/\/www.amapbrax31.org\/?page_id=591\" data-type=\"page\" data-id=\"591\">L&rsquo;Association et ses membres<\/a><\/li>\n\n\n\n<li><a href=\"https:\/\/www.amapbrax31.org\/?page_id=841\" data-type=\"page\" data-id=\"841\">AMAPJ<\/a><\/li>\n\n\n\n<li><a href=\"https:\/\/www.amapbrax31.org\/?page_id=759\" data-type=\"page\" data-id=\"759\">Agenda des distributions<\/a><\/li>\n\n\n\n<li><a href=\"https:\/\/www.amapbrax31.org\/?page_id=446\" data-type=\"page\" data-id=\"446\">\u00c9v\u00e8nements<\/a><\/li>\n\n\n\n<li><a href=\"https:\/\/www.amapbrax31.org\/?page_id=1298\" data-type=\"page\" data-id=\"1298\">Messagerie Signal<\/a><\/li>\n\n\n\n<li><a href=\"https:\/\/www.amapbrax31.org\/?page_id=444\" data-type=\"page\" data-id=\"444\">Liens utiles<\/a><\/li>\n\n\n\n<li><a href=\"https:\/\/www.amapbrax31.org\/?page_id=448\" data-type=\"page\" data-id=\"448\">Recettes<\/a>\n<ul class=\"wp-block-list\">\n<li style=\"font-size:20px\"><a href=\"https:\/\/www.amapbrax31.org\/?page_id=1230\" data-type=\"page\" data-id=\"1230\">Recettes : Choux rave<\/a><\/li>\n\n\n\n<li style=\"font-size:20px\"><a href=\"https:\/\/www.amapbrax31.org\/?page_id=1236\" data-type=\"page\" data-id=\"1236\">Recettes : Patate douce<\/a><\/li>\n\n\n\n<li style=\"font-size:20px\"><a href=\"https:\/\/www.amapbrax31.org\/?page_id=1251\" data-type=\"page\" data-id=\"1251\">Recettes : Betterave<\/a><\/li>\n<\/ul>\n<\/li>\n<\/ul>\n<\/li>\n\n\n\n<li style=\"margin-top:var(--wp--preset--spacing--50);margin-right:0;margin-bottom:var(--wp--preset--spacing--50);margin-left:0;font-size:25px\"><a href=\"https:\/\/www.amapbrax31.org\/?page_id=160\" data-type=\"page\" data-id=\"160\">Comment nous rejoindre ?<\/a> <\/li>\n<\/ul>\n\n\n\n<p><\/p>\n\n\n\n<p style=\"font-size:25px\">Bulletins d&rsquo;adh\u00e9sion :<\/p>\n\n\n\n<ul class=\"wp-block-list\">\n<li style=\"font-size:25px\"><a href=\"https:\/\/www.amapbrax31.org\/wp-content\/uploads\/2026\/02\/Bulletin-adhesion-Les-Gourmets-de-Brax-2026.pdf\" target=\"_blank\" rel=\"noreferrer noopener\">Bulletin d&rsquo;adh\u00e9sion \u00e0 l&rsquo;association les Gourmets de Brax<\/a><\/li>\n\n\n\n<li style=\"font-size:25px\"><a href=\"https:\/\/www.amapbrax31.org\/wp-content\/uploads\/2026\/02\/Bulletin-adhesion-reseau-AMAP-Midi-Pyrenees-2026.pdf\" target=\"_blank\" rel=\"noreferrer noopener\">Bulletin d&rsquo;adh\u00e9sion au R\u00e9seau des AMAP Midi-Pyr\u00e9n\u00e9es<\/a><\/li>\n<\/ul>\n\n\n\n<p style=\"margin-top:var(--wp--preset--spacing--50);margin-bottom:var(--wp--preset--spacing--50);font-size:25px\">R\u00e9seau sociaux :<\/p>\n\n\n\n<ul class=\"wp-block-list\">\n<li style=\"font-size:25px\"><a href=\"https:\/\/www.facebook.com\/AMAPBRAX\/\">Facebook<\/a><\/li>\n\n\n\n<li style=\"font-size:25px\"><a href=\"https:\/\/www.instagram.com\/amapdebrax\/\">Instagram<\/a><\/li>\n<\/ul>\n\n\n\n<p><\/p>\n\n\n\n<p><\/p>\n\n\n\n<p style=\"margin-top:0;margin-bottom:0\"><\/p>\n\n\n\n<p><\/p>\n","protected":false},"excerpt":{"rendered":"<p>INFORMATIONS PLAN DU SITE Bulletins d&rsquo;adh\u00e9sion : R\u00e9seau sociaux :<\/p>\n","protected":false},"author":2,"featured_media":0,"parent":0,"menu_order":0,"comment_status":"closed","ping_status":"closed","template":"","meta":{"site-sidebar-layout":"default","site-content-layout":"","ast-site-content-layout":"default","site-content-style":"default","site-sidebar-style":"default","ast-global-header-display":"","ast-banner-title-visibility":"","ast-main-header-display":"","ast-hfb-above-header-display":"","ast-hfb-below-header-display":"","ast-hfb-mobile-header-display":"","site-post-title":"disabled","ast-breadcrumbs-content":"","ast-featured-img":"","footer-sml-layout":"","ast-disable-related-posts":"","theme-transparent-header-meta":"","adv-header-id-meta":"","stick-header-meta":"","header-above-stick-meta":"","header-main-stick-meta":"","header-below-stick-meta":"","astra-migrate-meta-layouts":"default","ast-page-background-enabled":"default","ast-page-background-meta":{"desktop":{"background-color":"var(--ast-global-color-5)","background-image":"","background-repeat":"repeat","background-position":"center center","background-size":"auto","background-attachment":"scroll","background-type":"","background-media":"","overlay-type":"","overlay-color":"","overlay-opacity":"","overlay-gradient":""},"tablet":{"background-color":"","background-image":"","background-repeat":"repeat","background-position":"center center","background-size":"auto","background-attachment":"scroll","background-type":"","background-media":"","overlay-type":"","overlay-color":"","overlay-opacity":"","overlay-gradient":""},"mobile":{"background-color":"","background-image":"","background-repeat":"repeat","background-position":"center center","background-size":"auto","background-attachment":"scroll","background-type":"","background-media":"","overlay-type":"","overlay-color":"","overlay-opacity":"","overlay-gradient":""}},"ast-content-background-meta":{"desktop":{"background-color":"var(--ast-global-color-4)","background-image":"","background-repeat":"repeat","background-position":"center center","background-size":"auto","background-attachment":"scroll","background-type":"","background-media":"","overlay-type":"","overlay-color":"","overlay-opacity":"","overlay-gradient":""},"tablet":{"background-color":"var(--ast-global-color-4)","background-image":"","background-repeat":"repeat","background-position":"center center","background-size":"auto","background-attachment":"scroll","background-type":"","background-media":"","overlay-type":"","overlay-color":"","overlay-opacity":"","overlay-gradient":""},"mobile":{"background-color":"var(--ast-global-color-4)","background-image":"","background-repeat":"repeat","background-position":"center center","background-size":"auto","background-attachment":"scroll","background-type":"","background-media":"","overlay-type":"","overlay-color":"","overlay-opacity":"","overlay-gradient":""}},"footnotes":""},"class_list":["post-423","page","type-page","status-publish","hentry"],"_links":{"self":[{"href":"https:\/\/www.amapbrax31.org\/index.php?rest_route=\/wp\/v2\/pages\/423","targetHints":{"allow":["GET"]}}],"collection":[{"href":"https:\/\/www.amapbrax31.org\/index.php?rest_route=\/wp\/v2\/pages"}],"about":[{"href":"https:\/\/www.amapbrax31.org\/index.php?rest_route=\/wp\/v2\/types\/page"}],"author":[{"embeddable":true,"href":"https:\/\/www.amapbrax31.org\/index.php?rest_route=\/wp\/v2\/users\/2"}],"replies":[{"embeddable":true,"href":"https:\/\/www.amapbrax31.org\/index.php?rest_route=%2Fwp%2Fv2%2Fcomments&post=423"}],"version-history":[{"count":20,"href":"https:\/\/www.amapbrax31.org\/index.php?rest_route=\/wp\/v2\/pages\/423\/revisions"}],"predecessor-version":[{"id":1435,"href":"https:\/\/www.amapbrax31.org\/index.php?rest_route=\/wp\/v2\/pages\/423\/revisions\/1435"}],"wp:attachment":[{"href":"https:\/\/www.amapbrax31.org\/index.php?rest_route=%2Fwp%2Fv2%2Fmedia&parent=423"}],"curies":[{"name":"wp","href":"https:\/\/api.w.org\/{rel}","templated":true}]}}