{"id":875,"date":"2026-03-19T21:55:12","date_gmt":"2026-03-19T20:55:12","guid":{"rendered":"https:\/\/www.amapbrax31.org\/?page_id=875"},"modified":"2026-04-08T22:48:01","modified_gmt":"2026-04-08T20:48:01","slug":"le-pain-de-karine","status":"publish","type":"page","link":"https:\/\/www.amapbrax31.org\/?page_id=875","title":{"rendered":"Le Pain de Karine"},"content":{"rendered":"\n<div class=\"wp-block-columns alignfull are-vertically-aligned-center has-background is-layout-flex wp-container-core-columns-is-layout-28f84493 wp-block-columns-is-layout-flex\" style=\"background-color:#f4f1de\">\n<div class=\"wp-block-column is-vertically-aligned-center is-layout-flow wp-block-column-is-layout-flow\">\n<figure class=\"wp-block-image aligncenter size-full is-resized has-custom-border\"><img loading=\"lazy\" decoding=\"async\" width=\"1024\" height=\"900\" src=\"https:\/\/www.amapbrax31.org\/wp-content\/uploads\/2026\/03\/paindekarine2.jpg\" alt=\"\" class=\"wp-image-1134\" style=\"border-top-left-radius:20px;border-top-right-radius:20px;border-bottom-left-radius:20px;border-bottom-right-radius:20px;aspect-ratio:1.1377602929070212;width:410px;height:auto\" srcset=\"https:\/\/www.amapbrax31.org\/wp-content\/uploads\/2026\/03\/paindekarine2.jpg 1024w, https:\/\/www.amapbrax31.org\/wp-content\/uploads\/2026\/03\/paindekarine2-300x264.jpg 300w, https:\/\/www.amapbrax31.org\/wp-content\/uploads\/2026\/03\/paindekarine2-768x675.jpg 768w\" sizes=\"auto, (max-width: 1024px) 100vw, 1024px\" \/><\/figure>\n<\/div>\n\n\n\n<div class=\"wp-block-column is-vertically-aligned-center is-layout-flow wp-block-column-is-layout-flow\">\n<h2 class=\"wp-block-heading has-text-align-left has-x-large-font-size\"><strong>LE PAIN DE KARINE<\/strong><\/h2>\n\n\n\n<p class=\"has-text-color has-link-color has-medium-font-size wp-elements-c5327b570cf8f4d4d8162a4cb21fbde2\" style=\"color:#386641\"><strong><em>R\u00e9serv\u00e9 aux adh\u00e9rents de l&rsquo;association<\/em><\/strong><\/p>\n<\/div>\n<\/div>\n\n\n\n<p><\/p>\n\n\n\n<p class=\"has-text-align-center has-text-color has-link-color wp-elements-fc5c4ff7aa82950f8096fdf4871a972f\" style=\"color:#52b788;font-size:30px\"><strong>FONCTIONNEMENT<\/strong><\/p>\n\n\n\n<figure class=\"wp-block-table has-medium-font-size\"><table class=\"has-border-color has-fixed-layout\" style=\"border-color:#386641;border-width:3px\"><tbody><tr><td>R\u00c9F\u00c9RENTE<\/td><td>Sylvie Coppin<\/td><\/tr><tr><td>FR\u00c9QUENCE<\/td><td>Bi-mensuelle, en alternance avec le contrat Fruits-Pain de Vincent Potier<\/td><\/tr><tr><td>P\u00c9RIODE \/ SAISON<\/td><td>Toute l&rsquo;ann\u00e9e, sauf en Ao\u00fbt<\/td><\/tr><tr><td>CONDITION D&rsquo;INSCRIPTION<\/td><td>Commande hors contrat et libre, r\u00e9serv\u00e9e aux adh\u00e9rents de l&rsquo;association<br>Uniquement sur commande via un lien transmis par mail<\/td><\/tr><\/tbody><\/table><\/figure>\n\n\n\n<p><\/p>\n\n\n\n<p class=\"has-text-align-center has-text-color has-link-color wp-elements-178978e9325de3cff70c2177a922b07d\" style=\"color:#52b788;font-size:30px\"><strong>TARIFS*<\/strong><\/p>\n\n\n\n<figure class=\"wp-block-table has-medium-font-size\"><table class=\"has-text-color has-link-color has-border-color has-fixed-layout\" style=\"color:#333333;border-color:#386641;border-width:3px\"><tbody><tr><td>Les farines de bl\u00e9 utilis\u00e9es : T110 vari\u00e9t\u00e9 ancienne pour tous les pains sauf pour l&rsquo;Int\u00e9gral qui utilise une farine T150.<\/td><td class=\"has-text-align-center\" data-align=\"center\"><\/td><\/tr><tr><td>La baguette, 250g<\/td><td class=\"has-text-align-center\" data-align=\"center\">1,60\u20ac<\/td><\/tr><tr><td>La boule campagne, 500g<\/td><td class=\"has-text-align-center\" data-align=\"center\">2,70\u20ac<\/td><\/tr><tr><td>Le long campagne, 750g&nbsp;<\/td><td class=\"has-text-align-center\" data-align=\"center\">4\u20ac<\/td><\/tr><tr><td>Pain aux noix en boule ou moul\u00e9, 500g<\/td><td class=\"has-text-align-center\" data-align=\"center\">4,60\u20ac<\/td><\/tr><tr><td>Pain Le petit n\u00e9racais (noisettes, pruneaux) moul\u00e9, 450g<\/td><td class=\"has-text-align-center\" data-align=\"center\">5,80\u20ac<\/td><\/tr><tr><td>Pain soleil (tournesol) en boule, 500g<\/td><td class=\"has-text-align-center\" data-align=\"center\">3,20\u20ac<\/td><\/tr><tr><td>Pain aux graines d&rsquo;ICI (tournesol, courge, lin brun et blond) moul\u00e9 ou en boule, 500g&nbsp;<\/td><td class=\"has-text-align-center\" data-align=\"center\">3,90\u20ac<\/td><\/tr><tr><td>Le M\u00e9lilot en boule ou moul\u00e9, 500g<\/td><td class=\"has-text-align-center\" data-align=\"center\">4\u20ac<\/td><\/tr><tr><td>Pain int\u00e9gral en b\u00e2tard, 500g<\/td><td class=\"has-text-align-center\" data-align=\"center\">3,40\u20ac<\/td><\/tr><tr><td>Le Seigle, 500g<\/td><td class=\"has-text-align-center\" data-align=\"center\">3,20\u20ac<\/td><\/tr><tr><td>Petit \u00e9peautre moul\u00e9, 500g<\/td><td class=\"has-text-align-center\" data-align=\"center\">5\u20ac<\/td><\/tr><tr><td>La p\u00e2te \u00e0 pizza, 300g<\/td><td class=\"has-text-align-center\" data-align=\"center\">2,10\u20ac<\/td><\/tr><tr><td>Cookie Chocolat \/ Noix<\/td><td class=\"has-text-align-center\" data-align=\"center\">0,80\u20ac<\/td><\/tr><tr><td>Sabl\u00e9 au petit \u00e9peautre et m\u00e9lilot<br><\/td><td class=\"has-text-align-center\" data-align=\"center\">0,60\u20ac<\/td><\/tr><tr><td>Pain aux dr\u00eaches, boule, 500g<\/td><td class=\"has-text-align-center\" data-align=\"center\">3,50\u20ac<\/td><\/tr><\/tbody><\/table><figcaption class=\"wp-element-caption\">* Tarifs applicables en 2026<\/figcaption><\/figure>\n\n\n\n<p><\/p>\n\n\n\n<p><\/p>\n\n\n\n<div class=\"wp-block-media-text is-stacked-on-mobile is-vertically-aligned-center\"><figure class=\"wp-block-media-text__media\"><img loading=\"lazy\" decoding=\"async\" width=\"1024\" height=\"802\" src=\"https:\/\/www.amapbrax31.org\/wp-content\/uploads\/2026\/03\/paindekarine3-1024x802.jpg\" alt=\"\" class=\"wp-image-1135 size-full\" srcset=\"https:\/\/www.amapbrax31.org\/wp-content\/uploads\/2026\/03\/paindekarine3-1024x802.jpg 1024w, https:\/\/www.amapbrax31.org\/wp-content\/uploads\/2026\/03\/paindekarine3-300x235.jpg 300w, https:\/\/www.amapbrax31.org\/wp-content\/uploads\/2026\/03\/paindekarine3-768x602.jpg 768w, https:\/\/www.amapbrax31.org\/wp-content\/uploads\/2026\/03\/paindekarine3-1536x1203.jpg 1536w, https:\/\/www.amapbrax31.org\/wp-content\/uploads\/2026\/03\/paindekarine3.jpg 2048w\" sizes=\"auto, (max-width: 1024px) 100vw, 1024px\" \/><\/figure><div class=\"wp-block-media-text__content\">\n<p class=\"has-text-align-center has-text-color has-link-color wp-elements-ace8ed31a48cc9d95930eeecefea961a\" style=\"color:#52b788;font-size:30px\"><strong>ARTISANE BOULANG\u00c8RE<\/strong><\/p>\n\n\n\n<p class=\"has-medium-font-size\"><strong>Le Pain de Karine<\/strong><\/p>\n\n\n\n<p>Apr\u00e8s trois ann\u00e9es de reconversion professionnelle, Karine Cass\u00e9 a pu ouvrir sa boulangerie bio \u201cLe pain de Karine\u201d en juin 2020.<\/p>\n\n\n\n<p>Les mati\u00e8res premi\u00e8res utilis\u00e9es sont issues de l\u2019agriculture biologique locale. Tous les pains sont fabriqu\u00e9s sur commande afin de favoriser le z\u00e9ro gaspillage.<\/p>\n<\/div><\/div>\n\n\n\n<p><\/p>\n\n\n\n<div class=\"wp-block-group has-background is-content-justification-center is-nowrap is-layout-flex wp-container-core-group-is-layout-35891901 wp-block-group-is-layout-flex\" style=\"border-top-left-radius:20px;border-top-right-radius:20px;border-bottom-left-radius:20px;border-bottom-right-radius:20px;background-color:#e9c46a\">\n<p class=\"has-text-color has-link-color wp-elements-b218582157e93d6a622c78ffd2c648b3\" style=\"color:#386641;font-size:30px\">En savoir plus sur le Pain de Karine : <\/p>\n\n\n\n<figure class=\"wp-block-image size-full\"><a href=\"https:\/\/www.facebook.com\/lePaindeKarine\/\" target=\"_blank\" rel=\" noreferrer noopener\"><img loading=\"lazy\" decoding=\"async\" width=\"64\" height=\"64\" src=\"https:\/\/www.amapbrax31.org\/wp-content\/uploads\/2026\/03\/facebook2.png\" alt=\"\" class=\"wp-image-334\"\/><\/a><\/figure>\n\n\n\n<figure class=\"wp-block-image size-full\"><a href=\"https:\/\/www.google.com\/maps\/place\/1+Bis+Rte+du+R%C3%A9moulin,+31530+Lasserre-Prad%C3%A8re\/@43.638371,1.1657901,17z\/data=!3m1!4b1!4m6!3m5!1s0x12a9527b84c2dd83:0xc7ed49d74a6fa99d!8m2!3d43.638371!4d1.168365!16s%2Fg%2F11txh_1zs5?entry=ttu&amp;g_ep=EgoyMDI2MDMzMC4wIKXMDSoASAFQAw%3D%3D\" target=\"_blank\" rel=\" noreferrer noopener\"><img loading=\"lazy\" decoding=\"async\" width=\"64\" height=\"64\" src=\"https:\/\/www.amapbrax31.org\/wp-content\/uploads\/2026\/03\/emplacement-de-la-couche-terrestre1.png\" alt=\"\" class=\"wp-image-379\"\/><\/a><\/figure>\n<\/div>\n\n\n\n<p><\/p>\n\n\n\n<p><\/p>\n\n\n\n<p><\/p>\n","protected":false},"excerpt":{"rendered":"<p>LE PAIN DE KARINE R\u00e9serv\u00e9 aux adh\u00e9rents de l&rsquo;association FONCTIONNEMENT R\u00c9F\u00c9RENTE Sylvie Coppin FR\u00c9QUENCE Bi-mensuelle, en alternance avec le contrat [&hellip;]<\/p>\n","protected":false},"author":2,"featured_media":0,"parent":0,"menu_order":0,"comment_status":"closed","ping_status":"closed","template":"","meta":{"site-sidebar-layout":"default","site-content-layout":"","ast-site-content-layout":"default","site-content-style":"default","site-sidebar-style":"default","ast-global-header-display":"","ast-banner-title-visibility":"","ast-main-header-display":"","ast-hfb-above-header-display":"","ast-hfb-below-header-display":"","ast-hfb-mobile-header-display":"","site-post-title":"disabled","ast-breadcrumbs-content":"","ast-featured-img":"","footer-sml-layout":"","ast-disable-related-posts":"","theme-transparent-header-meta":"","adv-header-id-meta":"","stick-header-meta":"","header-above-stick-meta":"","header-main-stick-meta":"","header-below-stick-meta":"","astra-migrate-meta-layouts":"default","ast-page-background-enabled":"default","ast-page-background-meta":{"desktop":{"background-color":"var(--ast-global-color-5)","background-image":"","background-repeat":"repeat","background-position":"center center","background-size":"auto","background-attachment":"scroll","background-type":"","background-media":"","overlay-type":"","overlay-color":"","overlay-opacity":"","overlay-gradient":""},"tablet":{"background-color":"","background-image":"","background-repeat":"repeat","background-position":"center center","background-size":"auto","background-attachment":"scroll","background-type":"","background-media":"","overlay-type":"","overlay-color":"","overlay-opacity":"","overlay-gradient":""},"mobile":{"background-color":"","background-image":"","background-repeat":"repeat","background-position":"center center","background-size":"auto","background-attachment":"scroll","background-type":"","background-media":"","overlay-type":"","overlay-color":"","overlay-opacity":"","overlay-gradient":""}},"ast-content-background-meta":{"desktop":{"background-color":"var(--ast-global-color-4)","background-image":"","background-repeat":"repeat","background-position":"center center","background-size":"auto","background-attachment":"scroll","background-type":"","background-media":"","overlay-type":"","overlay-color":"","overlay-opacity":"","overlay-gradient":""},"tablet":{"background-color":"var(--ast-global-color-4)","background-image":"","background-repeat":"repeat","background-position":"center center","background-size":"auto","background-attachment":"scroll","background-type":"","background-media":"","overlay-type":"","overlay-color":"","overlay-opacity":"","overlay-gradient":""},"mobile":{"background-color":"var(--ast-global-color-4)","background-image":"","background-repeat":"repeat","background-position":"center center","background-size":"auto","background-attachment":"scroll","background-type":"","background-media":"","overlay-type":"","overlay-color":"","overlay-opacity":"","overlay-gradient":""}},"footnotes":""},"class_list":["post-875","page","type-page","status-publish","hentry"],"_links":{"self":[{"href":"https:\/\/www.amapbrax31.org\/index.php?rest_route=\/wp\/v2\/pages\/875","targetHints":{"allow":["GET"]}}],"collection":[{"href":"https:\/\/www.amapbrax31.org\/index.php?rest_route=\/wp\/v2\/pages"}],"about":[{"href":"https:\/\/www.amapbrax31.org\/index.php?rest_route=\/wp\/v2\/types\/page"}],"author":[{"embeddable":true,"href":"https:\/\/www.amapbrax31.org\/index.php?rest_route=\/wp\/v2\/users\/2"}],"replies":[{"embeddable":true,"href":"https:\/\/www.amapbrax31.org\/index.php?rest_route=%2Fwp%2Fv2%2Fcomments&post=875"}],"version-history":[{"count":27,"href":"https:\/\/www.amapbrax31.org\/index.php?rest_route=\/wp\/v2\/pages\/875\/revisions"}],"predecessor-version":[{"id":1210,"href":"https:\/\/www.amapbrax31.org\/index.php?rest_route=\/wp\/v2\/pages\/875\/revisions\/1210"}],"wp:attachment":[{"href":"https:\/\/www.amapbrax31.org\/index.php?rest_route=%2Fwp%2Fv2%2Fmedia&parent=875"}],"curies":[{"name":"wp","href":"https:\/\/api.w.org\/{rel}","templated":true}]}}