{"id":882,"date":"2026-03-19T21:57:26","date_gmt":"2026-03-19T20:57:26","guid":{"rendered":"https:\/\/www.amapbrax31.org\/?page_id=882"},"modified":"2026-04-09T21:28:00","modified_gmt":"2026-04-09T19:28:00","slug":"buches-glacees-de-fanny","status":"publish","type":"page","link":"https:\/\/www.amapbrax31.org\/?page_id=882","title":{"rendered":"B\u00fbches Glac\u00e9es de Fanny"},"content":{"rendered":"\n<div class=\"wp-block-columns alignfull are-vertically-aligned-center has-background is-layout-flex wp-container-core-columns-is-layout-28f84493 wp-block-columns-is-layout-flex\" style=\"background-color:#f4f1de\">\n<div class=\"wp-block-column is-vertically-aligned-center is-layout-flow wp-block-column-is-layout-flow\">\n<figure class=\"wp-block-image aligncenter size-full is-resized has-custom-border\"><img loading=\"lazy\" decoding=\"async\" width=\"857\" height=\"555\" src=\"https:\/\/www.amapbrax31.org\/wp-content\/uploads\/2026\/03\/Capture-decran-2026-03-19-210829.png\" alt=\"\" class=\"wp-image-867\" style=\"border-top-left-radius:20px;border-top-right-radius:20px;border-bottom-left-radius:20px;border-bottom-right-radius:20px;aspect-ratio:1.5441320903838969;width:569px;height:auto\" srcset=\"https:\/\/www.amapbrax31.org\/wp-content\/uploads\/2026\/03\/Capture-decran-2026-03-19-210829.png 857w, https:\/\/www.amapbrax31.org\/wp-content\/uploads\/2026\/03\/Capture-decran-2026-03-19-210829-300x194.png 300w, https:\/\/www.amapbrax31.org\/wp-content\/uploads\/2026\/03\/Capture-decran-2026-03-19-210829-768x497.png 768w\" sizes=\"auto, (max-width: 857px) 100vw, 857px\" \/><\/figure>\n<\/div>\n\n\n\n<div class=\"wp-block-column is-vertically-aligned-center is-layout-flow wp-block-column-is-layout-flow\">\n<h2 class=\"wp-block-heading has-x-large-font-size\"><strong>LES B\u00dbCHES GLAC\u00c9ES DE FANNY<\/strong><\/h2>\n\n\n\n<p class=\"has-text-color has-link-color has-medium-font-size wp-elements-84a12e78f9bafaf56eddb55c54697041\" style=\"color:#386641\"><strong><em>R\u00e9serv\u00e9 aux adh\u00e9rents de l\u2019association<\/em><\/strong><\/p>\n<\/div>\n<\/div>\n\n\n\n<p><\/p>\n\n\n\n<p class=\"has-text-align-center has-text-color has-link-color wp-elements-fc5c4ff7aa82950f8096fdf4871a972f\" style=\"color:#52b788;font-size:30px\"><strong>FONCTIONNEMENT<\/strong><\/p>\n\n\n\n<figure class=\"wp-block-table has-medium-font-size\"><table class=\"has-border-color has-fixed-layout\" style=\"border-color:#386641;border-width:3px\"><tbody><tr><td>R\u00c9F\u00c9RENT<\/td><td>Alain Ducos<\/td><\/tr><tr><td>FR\u00c9QUENCE<\/td><td>1 fois par an<\/td><\/tr><tr><td>P\u00c9RIODE \/ SAISON<\/td><td>F\u00eates de fin d&rsquo;ann\u00e9e<\/td><\/tr><tr><td>CONDITION D\u2019INSCRIPTION<\/td><td>Commande hors contrat et libre, r\u00e9serv\u00e9e aux adh\u00e9rents de l\u2019association<br>Uniquement sur commande via un lien transmis par mail<\/td><\/tr><\/tbody><\/table><\/figure>\n\n\n\n<p><\/p>\n\n\n\n<p class=\"has-text-align-center has-text-color has-link-color wp-elements-2af9da575df6db7154856de4459d10cb\" style=\"color:#52b788;font-size:30px\"><strong>TARIFS<\/strong>*<\/p>\n\n\n\n<figure class=\"wp-block-table has-medium-font-size\"><table class=\"has-border-color has-fixed-layout\" style=\"border-color:#386641;border-width:3px\"><tbody><tr><td>Part individuelle<\/td><td class=\"has-text-align-center\" data-align=\"center\">6\u20ac<\/td><\/tr><tr><td>B\u00fbche 6\/8 personnes<\/td><td class=\"has-text-align-center\" data-align=\"center\">24\u20ac<\/td><\/tr><\/tbody><\/table><figcaption class=\"wp-element-caption\">* Tarifs applicables en 2025<\/figcaption><\/figure>\n\n\n\n<p><\/p>\n\n\n\n<p class=\"has-text-align-center has-text-color has-link-color wp-elements-648dcead92bcd24cbe85fe31d6b3e305\" style=\"color:#52b788;font-size:30px\"><strong>LA PRODUCTRICE<\/strong><\/p>\n\n\n\n<p class=\"has-medium-font-size\">Fanny Rh\u00f4n\u00e9 est install\u00e9e sur la commune du Burgaud depuis 2019.<\/p>\n\n\n\n<p class=\"has-medium-font-size\">Elle produit de savoureuses cr\u00e8mes glac\u00e9es (dont elle nous fait profiter dans le cadre d\u2019une commande group\u00e9e de fin d\u2019ann\u00e9e), mais aussi du miel (et autres produits de la ruche), des sorbets, et, avec son compagnon, des semences (graines) mara\u00eech\u00e8res biologiques.<\/p>\n\n\n\n<p><\/p>\n\n\n\n<div class=\"wp-block-group has-background is-content-justification-center is-nowrap is-layout-flex wp-container-core-group-is-layout-cc6d00ce wp-block-group-is-layout-flex\" style=\"border-top-left-radius:20px;border-top-right-radius:20px;border-bottom-left-radius:20px;border-bottom-right-radius:20px;background-color:#e9c46a;margin-top:0;margin-bottom:0\">\n<p class=\"has-text-color has-link-color wp-elements-630636a6eb245aaef8bc3fb3e078ed50\" style=\"color:#386641;font-size:30px\">En savoir plus sur Fanny Rh\u00f4n\u00e9 :<\/p>\n\n\n\n<figure class=\"wp-block-image size-full\"><a href=\"https:\/\/www.local.direct\/producteur\/les-miels-et-les-sorbets-de-fanny\" target=\"_blank\" rel=\" noreferrer noopener\"><img loading=\"lazy\" decoding=\"async\" width=\"64\" height=\"64\" src=\"https:\/\/www.amapbrax31.org\/wp-content\/uploads\/2026\/03\/globe.png\" alt=\"\" class=\"wp-image-377\"\/><\/a><\/figure>\n\n\n\n<figure class=\"wp-block-image size-full\"><a href=\"https:\/\/www.google.com\/maps\/place\/2658+Rte+de+Beaupuy,+31330+Le+Burgaud\/@43.8114289,1.1395094,16.71z\/data=!4m6!3m5!1s0x12abfe6e25a7ed51:0x42d73ee5cc27af2b!8m2!3d43.8113058!4d1.1440943!16s%2Fg%2F11c5d60s24?entry=ttu&amp;g_ep=EgoyMDI2MDQwNS4wIKXMDSoASAFQAw%3D%3D\" target=\"_blank\" rel=\" noreferrer noopener\"><img loading=\"lazy\" decoding=\"async\" width=\"64\" height=\"64\" src=\"https:\/\/www.amapbrax31.org\/wp-content\/uploads\/2026\/03\/emplacement-de-la-couche-terrestre1.png\" alt=\"\" class=\"wp-image-379\"\/><\/a><\/figure>\n<\/div>\n\n\n\n<p><\/p>\n\n\n\n<p><\/p>\n\n\n\n<p><\/p>\n","protected":false},"excerpt":{"rendered":"<p>LES B\u00dbCHES GLAC\u00c9ES DE FANNY R\u00e9serv\u00e9 aux adh\u00e9rents de l\u2019association FONCTIONNEMENT R\u00c9F\u00c9RENT Alain Ducos FR\u00c9QUENCE 1 fois par an P\u00c9RIODE [&hellip;]<\/p>\n","protected":false},"author":2,"featured_media":0,"parent":0,"menu_order":0,"comment_status":"closed","ping_status":"closed","template":"","meta":{"site-sidebar-layout":"default","site-content-layout":"","ast-site-content-layout":"default","site-content-style":"default","site-sidebar-style":"default","ast-global-header-display":"","ast-banner-title-visibility":"","ast-main-header-display":"","ast-hfb-above-header-display":"","ast-hfb-below-header-display":"","ast-hfb-mobile-header-display":"","site-post-title":"disabled","ast-breadcrumbs-content":"","ast-featured-img":"","footer-sml-layout":"","ast-disable-related-posts":"","theme-transparent-header-meta":"","adv-header-id-meta":"","stick-header-meta":"","header-above-stick-meta":"","header-main-stick-meta":"","header-below-stick-meta":"","astra-migrate-meta-layouts":"default","ast-page-background-enabled":"default","ast-page-background-meta":{"desktop":{"background-color":"var(--ast-global-color-5)","background-image":"","background-repeat":"repeat","background-position":"center center","background-size":"auto","background-attachment":"scroll","background-type":"","background-media":"","overlay-type":"","overlay-color":"","overlay-opacity":"","overlay-gradient":""},"tablet":{"background-color":"","background-image":"","background-repeat":"repeat","background-position":"center center","background-size":"auto","background-attachment":"scroll","background-type":"","background-media":"","overlay-type":"","overlay-color":"","overlay-opacity":"","overlay-gradient":""},"mobile":{"background-color":"","background-image":"","background-repeat":"repeat","background-position":"center center","background-size":"auto","background-attachment":"scroll","background-type":"","background-media":"","overlay-type":"","overlay-color":"","overlay-opacity":"","overlay-gradient":""}},"ast-content-background-meta":{"desktop":{"background-color":"var(--ast-global-color-4)","background-image":"","background-repeat":"repeat","background-position":"center center","background-size":"auto","background-attachment":"scroll","background-type":"","background-media":"","overlay-type":"","overlay-color":"","overlay-opacity":"","overlay-gradient":""},"tablet":{"background-color":"var(--ast-global-color-4)","background-image":"","background-repeat":"repeat","background-position":"center center","background-size":"auto","background-attachment":"scroll","background-type":"","background-media":"","overlay-type":"","overlay-color":"","overlay-opacity":"","overlay-gradient":""},"mobile":{"background-color":"var(--ast-global-color-4)","background-image":"","background-repeat":"repeat","background-position":"center center","background-size":"auto","background-attachment":"scroll","background-type":"","background-media":"","overlay-type":"","overlay-color":"","overlay-opacity":"","overlay-gradient":""}},"footnotes":""},"class_list":["post-882","page","type-page","status-publish","hentry"],"_links":{"self":[{"href":"https:\/\/www.amapbrax31.org\/index.php?rest_route=\/wp\/v2\/pages\/882","targetHints":{"allow":["GET"]}}],"collection":[{"href":"https:\/\/www.amapbrax31.org\/index.php?rest_route=\/wp\/v2\/pages"}],"about":[{"href":"https:\/\/www.amapbrax31.org\/index.php?rest_route=\/wp\/v2\/types\/page"}],"author":[{"embeddable":true,"href":"https:\/\/www.amapbrax31.org\/index.php?rest_route=\/wp\/v2\/users\/2"}],"replies":[{"embeddable":true,"href":"https:\/\/www.amapbrax31.org\/index.php?rest_route=%2Fwp%2Fv2%2Fcomments&post=882"}],"version-history":[{"count":7,"href":"https:\/\/www.amapbrax31.org\/index.php?rest_route=\/wp\/v2\/pages\/882\/revisions"}],"predecessor-version":[{"id":1290,"href":"https:\/\/www.amapbrax31.org\/index.php?rest_route=\/wp\/v2\/pages\/882\/revisions\/1290"}],"wp:attachment":[{"href":"https:\/\/www.amapbrax31.org\/index.php?rest_route=%2Fwp%2Fv2%2Fmedia&parent=882"}],"curies":[{"name":"wp","href":"https:\/\/api.w.org\/{rel}","templated":true}]}}